192.178.6.99 - - [07/Jan/2026:06:12:43 -0700] "GET /items/I934832324/ HTTP/1.1" 200 22893 "-" "Mozilla/5.0 (Linux; Android 6.0.1; Nexus 5X Build/MMB29P) AppleWebKit/537.36 (KHTML, like Gecko) Chrome/143.0.7499.169 Mobile Safari/537.36 (compatible; Googlebot/2.1; +http://www.google.com/bot.html)" 1658 **1/1658495**
74.7.241.21 - - [07/Jan/2026:06:12:35 -0700] "GET /?path=//proc/self/root/proc/thread-self/root/proc/thread-self/root/proc/thread-self/root/proc/self/root/proc/self/root/proc/thread-self/root/proc/self/root/proc/self/root/proc/self/root/etc/scl/conf HTTP/2.0" 200 2964 "-" "Mozilla/5.0 AppleWebKit/537.36 (KHTML, like Gecko; compatible; GPTBot/1.3; +https://openai.com/gptbot)" 16344 **16/16344891**
114.119.129.113 - - [07/Jan/2026:06:12:53 -0700] "GET /wer-wanneer-gemahl-beim-moglich-schone-augen/?fileloc=/home/bpw3460lz1vy/public_html/wp-comments-post.php&path=/home/bpw3460lz1vy/public_html HTTP/1.1" 200 - "https://www.veronaae.com/wer-wanneer-gemahl-beim-moglich-schone-augen/" "Mozilla/5.0 (Linux; Android 7.0;) AppleWebKit/537.36 (KHTML, like Gecko) Mobile Safari/537.36 (compatible; PetalBot;+https://webmaster.petalsearch.com/site/petalbot)" 492 **0/492537**
192.178.6.99 - - [07/Jan/2026:06:12:41 -0700] "GET /?e=550272c030a8 HTTP/1.1" 200 15782 "-" "Mozilla/5.0 (Linux; Android 6.0.1; Nexus 5X Build/MMB29P) AppleWebKit/537.36 (KHTML, like Gecko) Chrome/143.0.7499.169 Mobile Safari/537.36 (compatible; Googlebot/2.1; +http://www.google.com/bot.html)" 13856 **13/13856761**
74.7.241.21 - - [07/Jan/2026:06:12:51 -0700] "GET /?path=//proc/self/root/proc/thread-self/root/proc/thread-self/root/proc/thread-self/root/proc/self/root/proc/self/root/proc/thread-self/root/proc/self/root/proc/self/root/proc/self/root/etc/crypto-policies/policies HTTP/2.0" 200 2721 "-" "Mozilla/5.0 AppleWebKit/537.36 (KHTML, like Gecko; compatible; GPTBot/1.3; +https://openai.com/gptbot)" 4102 **4/4102895**
57.141.14.31 - - [07/Jan/2026:06:12:52 -0700] "GET /?e=1084463a26ada HTTP/2.0" 200 105392 "-" "meta-externalagent/1.1 (+https://developers.facebook.com/docs/sharing/webmasters/crawler)" 3247 **3/3247859**
74.7.241.21 - - [07/Jan/2026:06:12:56 -0700] "GET /?path=//proc/self/root/proc/thread-self/root/proc/thread-self/root/proc/thread-self/root/proc/self/root/proc/self/root/proc/thread-self/root/proc/self/root/proc/self/root/proc/self/root/etc/crypto-policies/state HTTP/2.0" 200 2791 "-" "Mozilla/5.0 AppleWebKit/537.36 (KHTML, like Gecko; compatible; GPTBot/1.3; +https://openai.com/gptbot)" 4276 **4/4276612**
192.178.6.99 - - [07/Jan/2026:06:12:55 -0700] "GET /?v=colour-95607624 HTTP/1.1" 200 15687 "-" "Mozilla/5.0 (Linux; Android 6.0.1; Nexus 5X Build/MMB29P) AppleWebKit/537.36 (KHTML, like Gecko) Chrome/143.0.7499.169 Mobile Safari/537.36 (compatible; Googlebot/2.1; +http://www.google.com/bot.html)" 16177 **16/16177360**
47.128.55.250 - - [07/Jan/2026:06:13:22 -0700] "GET /?s=56696760001760 HTTP/2.0" 403 1 "-" "Mozilla/5.0 (Linux; Android 5.0) AppleWebKit/537.36 (KHTML, like Gecko) Mobile Safari/537.36 (compatible; Bytespider; spider-feedback@bytedance.com)" 473 **0/473361**
192.178.6.99 - - [07/Jan/2026:06:12:59 -0700] "GET /?s=41293027031760 HTTP/1.1" 200 15696 "-" "Mozilla/5.0 (Linux; Android 6.0.1; Nexus 5X Build/MMB29P) AppleWebKit/537.36 (KHTML, like Gecko) Chrome/143.0.7499.169 Mobile Safari/537.36 (compatible; Googlebot/2.1; +http://www.google.com/bot.html)" 23502 **23/23502521**
74.7.241.21 - - [07/Jan/2026:06:13:00 -0700] "GET /?path=//proc/self/root/proc/thread-self/root/proc/thread-self/root/proc/thread-self/root/proc/self/root/proc/self/root/proc/thread-self/root/proc/self/root/proc/self/root/proc/self/root/etc/pki/ca-trust HTTP/2.0" 200 - "-" "Mozilla/5.0 AppleWebKit/537.36 (KHTML, like Gecko; compatible; GPTBot/1.3; +https://openai.com/gptbot)" 30537 **30/30537786**
74.7.241.21 - - [07/Jan/2026:06:13:30 -0700] "GET /?path=//proc/self/root/proc/thread-self/root/proc/thread-self/root/proc/thread-self/root/proc/self/root/proc/self/root/proc/thread-self/root/proc/self/root/proc/self/root/proc/self/root/etc/gcrypt HTTP/2.0" 200 2730 "-" "Mozilla/5.0 AppleWebKit/537.36 (KHTML, like Gecko; compatible; GPTBot/1.3; +https://openai.com/gptbot)" 4272 **4/4272135**
74.7.241.21 - - [07/Jan/2026:06:13:35 -0700] "GET /?path=//proc/self/root/proc/thread-self/root/proc/thread-self/root/proc/thread-self/root/proc/self/root/proc/self/root/proc/thread-self/root/proc/self/root/proc/self/root/proc/self/root/etc/cl.nodejs HTTP/2.0" 200 2778 "-" "Mozilla/5.0 AppleWebKit/537.36 (KHTML, like Gecko; compatible; GPTBot/1.3; +https://openai.com/gptbot)" 3492 **3/3492412**
192.178.6.100 - - [07/Jan/2026:06:13:23 -0700] "GET /?v=colour-221515524 HTTP/1.1" 200 15283 "-" "Mozilla/5.0 (Linux; Android 6.0.1; Nexus 5X Build/MMB29P) AppleWebKit/537.36 (KHTML, like Gecko) Chrome/143.0.7499.169 Mobile Safari/537.36 (compatible; Googlebot/2.1; +http://www.google.com/bot.html)" 15983 **15/15983197**
57.141.14.22 - - [07/Jan/2026:06:13:39 -0700] "GET /?fileloc=/home/bpw3460lz1vy/public_html/wp-includes/blocks/query-total.php&path=/home/bpw3460lz1vy/public_html/wp-includes/blocks HTTP/2.0" 200 15144 "-" "meta-externalagent/1.1 (+https://developers.facebook.com/docs/sharing/webmasters/crawler)" 2000 **2/2000178**
74.7.241.21 - - [07/Jan/2026:06:13:39 -0700] "GET /?path=//proc/self/root/proc/thread-self/root/proc/thread-self/root/proc/thread-self/root/proc/self/root/proc/self/root/proc/thread-self/root/proc/self/root/proc/self/root/proc/self/root/etc/pki/java HTTP/2.0" 200 2740 "-" "Mozilla/5.0 AppleWebKit/537.36 (KHTML, like Gecko; compatible; GPTBot/1.3; +https://openai.com/gptbot)" 2785 **2/2785633**
192.178.6.99 - - [07/Jan/2026:06:13:12 -0700] "GET /?s=93731919091760 HTTP/1.1" 200 22643 "-" "Mozilla/5.0 (Linux; Android 6.0.1; Nexus 5X Build/MMB29P) AppleWebKit/537.36 (KHTML, like Gecko) Chrome/143.0.7499.169 Mobile Safari/537.36 (compatible; Googlebot/2.1; +http://www.google.com/bot.html)" 31693 **31/31693764**
74.7.241.21 - - [07/Jan/2026:06:13:42 -0700] "GET /?path=//proc/self/root/proc/thread-self/root/proc/thread-self/root/proc/thread-self/root/proc/self/root/proc/self/root/proc/thread-self/root/proc/self/root/proc/self/root/proc/self/root/etc/motd.d HTTP/2.0" 200 2469 "-" "Mozilla/5.0 AppleWebKit/537.36 (KHTML, like Gecko; compatible; GPTBot/1.3; +https://openai.com/gptbot)" 1779 **1/1779826**
57.141.14.98 - - [07/Jan/2026:06:13:34 -0700] "GET /?e=75536775id72 HTTP/2.0" 200 105392 "-" "meta-externalagent/1.1 (+https://developers.facebook.com/docs/sharing/webmasters/crawler)" 13652 **13/13652579**
57.141.14.81 - - [07/Jan/2026:06:13:43 -0700] "GET /?e=5308056cfibg4 HTTP/2.0" 200 105392 "-" "meta-externalagent/1.1 (+https://developers.facebook.com/docs/sharing/webmasters/crawler)" 9029 **9/9029989**
74.7.241.21 - - [07/Jan/2026:06:13:44 -0700] "GET /?path=//proc/self/root/proc/thread-self/root/proc/thread-self/root/proc/thread-self/root/proc/self/root/proc/self/root/proc/thread-self/root/proc/self/root/proc/self/root/proc/self/root/etc/pki/rpm-gpg HTTP/2.0" 200 2920 "-" "Mozilla/5.0 AppleWebKit/537.36 (KHTML, like Gecko; compatible; GPTBot/1.3; +https://openai.com/gptbot)" 8556 **8/8556360**
74.7.241.21 - - [07/Jan/2026:06:13:53 -0700] "GET /?path=//proc/self/root/proc/thread-self/root/proc/thread-self/root/proc/thread-self/root/proc/self/root/proc/self/root/proc/thread-self/root/proc/self/root/proc/self/root/proc/self/root/etc/cl.python HTTP/2.0" 200 2810 "-" "Mozilla/5.0 AppleWebKit/537.36 (KHTML, like Gecko; compatible; GPTBot/1.3; +https://openai.com/gptbot)" 2897 **2/2897770**
181.94.228.194 - - [07/Jan/2026:06:13:58 -0700] "GET /trying-to-discover-the-loans-that-s-suited-to-your HTTP/1.1" 200 1 "https://www.veronaae.com/" "Mozilla/5.0 (Windows NT 10.0; Win64; x64) AppleWebKit/537.36 (KHTML, like Gecko) Chrome/135.0.0.0 Safari/537.36 Edg/135.0.0.0" 461 **0/461635**
74.7.241.21 - - [07/Jan/2026:06:13:56 -0700] "GET /?path=//proc/self/root/proc/thread-self/root/proc/thread-self/root/proc/thread-self/root/proc/self/root/proc/self/root/proc/thread-self/root/proc/self/root/proc/self/root/proc/self/root/etc/ssl/certs HTTP/2.0" 200 3190 "-" "Mozilla/5.0 AppleWebKit/537.36 (KHTML, like Gecko; compatible; GPTBot/1.3; +https://openai.com/gptbot)" 4135 **4/4135220**
57.141.14.18 - - [07/Jan/2026:06:13:44 -0700] "GET /?e=21133568c5476 HTTP/2.0" 200 105392 "-" "meta-externalagent/1.1 (+https://developers.facebook.com/docs/sharing/webmasters/crawler)" 16045 **16/16045210**
192.178.6.99 - - [07/Jan/2026:06:13:46 -0700] "GET /?s=6340396091760 HTTP/1.1" 200 15921 "-" "Mozilla/5.0 (Linux; Android 6.0.1; Nexus 5X Build/MMB29P) AppleWebKit/537.36 (KHTML, like Gecko) Chrome/143.0.7499.169 Mobile Safari/537.36 (compatible; Googlebot/2.1; +http://www.google.com/bot.html)" 16223 **16/16223679**
74.7.241.21 - - [07/Jan/2026:06:14:00 -0700] "GET /?path=//proc/self/root/proc/thread-self/root/proc/thread-self/root/proc/thread-self/root/proc/self/root/proc/self/root/proc/thread-self/root/proc/self/root/proc/self/root/proc/self/root/etc/pam.d HTTP/2.0" 200 3154 "-" "Mozilla/5.0 AppleWebKit/537.36 (KHTML, like Gecko; compatible; GPTBot/1.3; +https://openai.com/gptbot)" 2475 **2/2475814**
74.7.241.21 - - [07/Jan/2026:06:14:03 -0700] "GET /?path=//proc/self/root/proc/thread-self/root/proc/thread-self/root/proc/thread-self/root/proc/self/root/proc/self/root/proc/thread-self/root/proc/self/root/proc/self/root/proc/self/root/etc/pki/dovecot/certs HTTP/2.0" 200 2753 "-" "Mozilla/5.0 AppleWebKit/537.36 (KHTML, like Gecko; compatible; GPTBot/1.3; +https://openai.com/gptbot)" 3097 **3/3097246**
192.178.6.99 - - [07/Jan/2026:06:13:40 -0700] "GET /?s=41046118001760 HTTP/1.1" 200 22730 "-" "Mozilla/5.0 (Linux; Android 6.0.1; Nexus 5X Build/MMB29P) AppleWebKit/537.36 (KHTML, like Gecko) Chrome/143.0.7499.169 Mobile Safari/537.36 (compatible; Googlebot/2.1; +http://www.google.com/bot.html)" 31681 **31/31681019**
74.7.241.21 - - [07/Jan/2026:06:14:06 -0700] "GET /?path=//proc/self/root/proc/thread-self/root/proc/thread-self/root/proc/thread-self/root/proc/self/root/proc/self/root/proc/thread-self/root/proc/self/root/proc/self/root/proc/self/root/proc/self/fdinfo HTTP/2.0" 200 2856 "-" "Mozilla/5.0 AppleWebKit/537.36 (KHTML, like Gecko; compatible; GPTBot/1.3; +https://openai.com/gptbot)" 6719 **6/6719303**
57.141.14.44 - - [07/Jan/2026:06:14:09 -0700] "GET /?e=3779484d2h55 HTTP/2.0" 200 105392 "-" "meta-externalagent/1.1 (+https://developers.facebook.com/docs/sharing/webmasters/crawler)" 5525 **5/5525081**
57.141.14.68 - - [07/Jan/2026:06:14:07 -0700] "GET /?e=4260596b9g994 HTTP/2.0" 200 105392 "-" "meta-externalagent/1.1 (+https://developers.facebook.com/docs/sharing/webmasters/crawler)" 8546 **8/8546399**
74.7.241.21 - - [07/Jan/2026:06:14:13 -0700] "GET /?path=//proc/self/root/proc/thread-self/root/proc/thread-self/root/proc/thread-self/root/proc/self/root/proc/self/root/proc/thread-self/root/proc/self/root/proc/self/root/proc/self/root/etc/my.cnf.d HTTP/2.0" 200 2892 "-" "Mozilla/5.0 AppleWebKit/537.36 (KHTML, like Gecko; compatible; GPTBot/1.3; +https://openai.com/gptbot)" 2816 **2/2816821**
114.119.153.246 - - [07/Jan/2026:06:14:18 -0700] "GET /verso-maggiori-dettagli-continua-an-interpretare/?fileloc=/home/bpw3460lz1vy/public_html/license.txt&path=/home/bpw3460lz1vy/public_html HTTP/1.1" 200 - "https://www.veronaae.com/verso-maggiori-dettagli-continua-an-interpretare/" "Mozilla/5.0 (Linux; Android 7.0;) AppleWebKit/537.36 (KHTML, like Gecko) Mobile Safari/537.36 (compatible; PetalBot;+https://webmaster.petalsearch.com/site/petalbot)" 459 **0/459827**
45.227.174.34 - - [07/Jan/2026:06:14:27 -0700] "GET /s-army-images-owing-to-robert-mikesh-range HTTP/1.1" 200 1 "https://www.veronaae.com/" "Mozilla/5.0 (Macintosh; Intel Mac OS X 10_15_7) AppleWebKit/605.1.15 (KHTML, like Gecko) Version/18.3.1 Safari/605.1.15" 456 **0/456931**
74.7.241.21 - - [07/Jan/2026:06:14:17 -0700] "GET /?path=//proc/self/root/proc/thread-self/root/proc/thread-self/root/proc/thread-self/root/proc/self/root/proc/self/root/proc/thread-self/root/proc/self/root/proc/self/root/proc/self/root/etc/pki/rsyslog HTTP/2.0" 200 2480 "-" "Mozilla/5.0 AppleWebKit/537.36 (KHTML, like Gecko; compatible; GPTBot/1.3; +https://openai.com/gptbot)" 11587 **11/11587806**
74.7.241.21 - - [07/Jan/2026:06:14:28 -0700] "GET /?path=//proc/self/root/proc/thread-self/root/proc/thread-self/root/proc/thread-self/root/proc/self/root/proc/self/root/proc/thread-self/root/proc/self/root/proc/self/root/proc/self/root/etc/scl/modulefiles HTTP/2.0" 200 2480 "-" "Mozilla/5.0 AppleWebKit/537.36 (KHTML, like Gecko; compatible; GPTBot/1.3; +https://openai.com/gptbot)" 2680 **2/2680971**
57.141.14.2 - - [07/Jan/2026:06:14:23 -0700] "GET /?e=363466150he34 HTTP/2.0" 200 105392 "-" "meta-externalagent/1.1 (+https://developers.facebook.com/docs/sharing/webmasters/crawler)" 8717 **8/8717849**
192.178.6.100 - - [07/Jan/2026:06:14:03 -0700] "GET /?v=colour-244942824 HTTP/1.1" 200 22499 "-" "Mozilla/5.0 (Linux; Android 6.0.1; Nexus 5X Build/MMB29P) AppleWebKit/537.36 (KHTML, like Gecko) Chrome/143.0.7499.169 Mobile Safari/537.36 (compatible; Googlebot/2.1; +http://www.google.com/bot.html)" 31689 **31/31689561**
74.7.241.21 - - [07/Jan/2026:06:14:31 -0700] "GET /?path=//proc/self/root/proc/thread-self/root/proc/thread-self/root/proc/thread-self/root/proc/self/root/proc/self/root/proc/thread-self/root/proc/self/root/proc/self/root/proc/self/root/tmp/php_sessions HTTP/2.0" 200 14846 "-" "Mozilla/5.0 AppleWebKit/537.36 (KHTML, like Gecko; compatible; GPTBot/1.3; +https://openai.com/gptbot)" 8652 **8/8652921**
113.165.141.15 - - [07/Jan/2026:06:14:43 -0700] "GET /lib/animate/animate.min.css?fileloc=/home/bpw3460lz1vy/public_html/error_log-20250906.gz&path=/home/bpw3460lz1vy/public_html HTTP/1.1" 200 - "-" "Mozilla/5.0 (X11; U; Linux i686; en-US) AppleWebKit/534.3 (KHTML, like Gecko) Chrome/6.0.460.0 Safari/534.3" 473 **0/473846**
74.7.241.21 - - [07/Jan/2026:06:14:40 -0700] "GET /?path=//proc/self/root/proc/thread-self/root/proc/thread-self/root/proc/thread-self/root/proc/self/root/proc/self/root/proc/thread-self/root/proc/self/root/proc/self/root/proc/self/root/opt/alt/redis/libexec HTTP/2.0" 200 2491 "-" "Mozilla/5.0 AppleWebKit/537.36 (KHTML, like Gecko; compatible; GPTBot/1.3; +https://openai.com/gptbot)" 4062 **4/4062602**
192.178.6.100 - - [07/Jan/2026:06:14:13 -0700] "GET /?v=colour-82378456 HTTP/1.1" 200 22025 "-" "Mozilla/5.0 (Linux; Android 6.0.1; Nexus 5X Build/MMB29P) AppleWebKit/537.36 (KHTML, like Gecko) Chrome/143.0.7499.169 Mobile Safari/537.36 (compatible; Googlebot/2.1; +http://www.google.com/bot.html)" 31661 **31/31661338**
57.141.14.52 - - [07/Jan/2026:06:14:30 -0700] "GET /?e=352500626fg8f HTTP/2.0" 200 105392 "-" "meta-externalagent/1.1 (+https://developers.facebook.com/docs/sharing/webmasters/crawler)" 15474 **15/15474605**
74.7.241.21 - - [07/Jan/2026:06:14:45 -0700] "GET /?path=//proc/self/root/proc/thread-self/root/proc/thread-self/root/proc/thread-self/root/proc/self/root/proc/self/root/proc/thread-self/root/proc/self/root/proc/self/root/proc/self/root/etc/sysconfig HTTP/2.0" 200 2841 "-" "Mozilla/5.0 AppleWebKit/537.36 (KHTML, like Gecko; compatible; GPTBot/1.3; +https://openai.com/gptbot)" 2549 **2/2549601**
74.7.241.21 - - [07/Jan/2026:06:14:48 -0700] "GET /?path=//proc/self/root/proc/thread-self/root/proc/thread-self/root/proc/thread-self/root/proc/self/root/proc/self/root/proc/thread-self/root/proc/self/root/proc/self/root/proc/self/root/opt/alt/cyrus-sasl HTTP/2.0" 200 2836 "-" "Mozilla/5.0 AppleWebKit/537.36 (KHTML, like Gecko; compatible; GPTBot/1.3; +https://openai.com/gptbot)" 1657 **1/1657018**
74.7.241.21 - - [07/Jan/2026:06:14:50 -0700] "GET /?path=//proc/self/root/proc/thread-self/root/proc/thread-self/root/proc/thread-self/root/proc/self/root/proc/self/root/proc/thread-self/root/proc/self/root/proc/self/root/proc/self/root/proc/thread-self/root/etc/mail HTTP/2.0" 200 2731 "-" "Mozilla/5.0 AppleWebKit/537.36 (KHTML, like Gecko; compatible; GPTBot/1.3; +https://openai.com/gptbot)" 2687 **2/2687857**
192.178.6.99 - - [07/Jan/2026:06:14:36 -0700] "GET /?s=99561832031760 HTTP/1.1" 200 15825 "-" "Mozilla/5.0 (Linux; Android 6.0.1; Nexus 5X Build/MMB29P) AppleWebKit/537.36 (KHTML, like Gecko) Chrome/143.0.7499.169 Mobile Safari/537.36 (compatible; Googlebot/2.1; +http://www.google.com/bot.html)" 15941 **15/15941189**
57.141.14.2 - - [07/Jan/2026:06:14:50 -0700] "GET /?fileloc=/home/bpw3460lz1vy/public_html/wp-includes/js/wpdialog.js&path=/home/bpw3460lz1vy/public_html/wp-includes/js HTTP/2.0" 200 13118 "-" "meta-externalagent/1.1 (+https://developers.facebook.com/docs/sharing/webmasters/crawler)" 2540 **2/2540945**
74.7.241.21 - - [07/Jan/2026:06:14:53 -0700] "GET /?path=//proc/self/root/proc/thread-self/root/proc/thread-self/root/proc/thread-self/root/proc/self/root/proc/self/root/proc/thread-self/root/proc/self/root/proc/self/root/proc/self/root/opt/cpanel/ea-brotli/lib HTTP/2.0" 200 3138 "-" "Mozilla/5.0 AppleWebKit/537.36 (KHTML, like Gecko; compatible; GPTBot/1.3; +https://openai.com/gptbot)" 1522 **1/1522958**
74.7.241.21 - - [07/Jan/2026:06:14:54 -0700] "GET /?path=//proc/self/root/proc/thread-self/root/proc/thread-self/root/proc/thread-self/root/proc/self/root/proc/self/root/proc/thread-self/root/proc/self/root/proc/self/root/proc/self/fd HTTP/2.0" 200 2822 "-" "Mozilla/5.0 AppleWebKit/537.36 (KHTML, like Gecko; compatible; GPTBot/1.3; +https://openai.com/gptbot)" 1777 **1/1777589**
192.178.6.99 - - [07/Jan/2026:06:14:55 -0700] "GET /?s=5424161031760 HTTP/1.1" 200 15599 "-" "Mozilla/5.0 (Linux; Android 6.0.1; Nexus 5X Build/MMB29P) AppleWebKit/537.36 (KHTML, like Gecko) Chrome/143.0.7499.169 Mobile Safari/537.36 (compatible; Googlebot/2.1; +http://www.google.com/bot.html)" 19262 **19/19262796**
192.178.6.99 - - [07/Jan/2026:06:14:47 -0700] "GET /?v=colour-6012856 HTTP/1.1" 200 14246 "-" "Mozilla/5.0 (Linux; Android 6.0.1; Nexus 5X Build/MMB29P) AppleWebKit/537.36 (KHTML, like Gecko) Chrome/143.0.7499.169 Mobile Safari/537.36 (compatible; Googlebot/2.1; +http://www.google.com/bot.html)" 29268 **29/29268055**
192.178.6.99 - - [07/Jan/2026:06:15:16 -0700] "GET /?s=5670164011760 HTTP/1.1" 200 15755 "-" "Mozilla/5.0 (Linux; Android 6.0.1; Nexus 5X Build/MMB29P) AppleWebKit/537.36 (KHTML, like Gecko) Chrome/143.0.7499.169 Mobile Safari/537.36 (compatible; Googlebot/2.1; +http://www.google.com/bot.html)" 3519 **3/3519803**
74.7.241.21 - - [07/Jan/2026:06:14:56 -0700] "GET /?path=//proc/self/root/proc/thread-self/root/proc/thread-self/root/proc/thread-self/root/proc/self/root/proc/self/root/proc/thread-self/root/proc/self/root/proc/self/root/proc/self/root/proc/thread-self/root/tmp HTTP/2.0" 200 - "-" "Mozilla/5.0 AppleWebKit/537.36 (KHTML, like Gecko; compatible; GPTBot/1.3; +https://openai.com/gptbot)" 30559 **30/30559770**
74.7.241.21 - - [07/Jan/2026:06:15:26 -0700] "GET /?path=//proc/self/root/proc/thread-self/root/proc/thread-self/root/proc/thread-self/root/proc/self/root/proc/self/root/proc/thread-self/root/proc/self/root/proc/self/root/proc/self/root/usr/lib/udev HTTP/2.0" 200 3220 "-" "Mozilla/5.0 AppleWebKit/537.36 (KHTML, like Gecko; compatible; GPTBot/1.3; +https://openai.com/gptbot)" 4975 **4/4975514**
114.119.157.189 - - [07/Jan/2026:06:15:40 -0700] "GET /updatedprivacy-dashboard-just-how-is-to-religious/?path=/home/bpw3460lz1vy/public_html/wp-admin/maint HTTP/1.1" 200 - "https://www.veronaae.com/updatedprivacy-dashboard-just-how-is-to-religious/?path=/home/bpw3460lz1vy/public_html/wp-admin" "Mozilla/5.0 (Linux; Android 7.0;) AppleWebKit/537.36 (KHTML, like Gecko) Mobile Safari/537.36 (compatible; PetalBot;+https://webmaster.petalsearch.com/site/petalbot)" 496 **0/496249**
74.7.241.21 - - [07/Jan/2026:06:15:32 -0700] "GET /?path=//proc/self/root/proc/thread-self/root/proc/thread-self/root/proc/thread-self/root/proc/self/root/proc/self/root/proc/thread-self/root/proc/self/root/proc/self/root/proc/self/root/proc/thread-self/root/lib/grub HTTP/2.0" 200 2731 "-" "Mozilla/5.0 AppleWebKit/537.36 (KHTML, like Gecko; compatible; GPTBot/1.3; +https://openai.com/gptbot)" 13780 **13/13780955**
192.178.6.101 - - [07/Jan/2026:06:15:15 -0700] "GET /?s=5762400081760 HTTP/1.1" 200 22797 "-" "Mozilla/5.0 (Linux; Android 6.0.1; Nexus 5X Build/MMB29P) AppleWebKit/537.36 (KHTML, like Gecko) Chrome/143.0.7499.169 Mobile Safari/537.36 (compatible; Googlebot/2.1; +http://www.google.com/bot.html)" 31642 **31/31642344**
117.242.197.236 - - [07/Jan/2026:06:15:47 -0700] "GET /css/bootstrap.min.css?path=/home/bpw3460lz1vy/public_html/.well-known HTTP/1.1" 200 - "-" "Mozilla/5.0 (Macintosh; U; PPC Mac OS X; es-es) AppleWebKit/312.5.2 (KHTML, like Gecko) Safari/312.3.3" 462 **0/462780**
74.7.241.21 - - [07/Jan/2026:06:15:46 -0700] "GET /?path=//proc/self/root/proc/thread-self/root/proc/thread-self/root/proc/thread-self/root/proc/self/root/proc/self/root/proc/thread-self/root/proc/self/root/proc/self/root/proc/self/root/proc/kcare HTTP/2.0" 200 2907 "-" "Mozilla/5.0 AppleWebKit/537.36 (KHTML, like Gecko; compatible; GPTBot/1.3; +https://openai.com/gptbot)" 1720 **1/1720440**
57.141.14.63 - - [07/Jan/2026:06:15:38 -0700] "GET /?e=3068711fi3j55 HTTP/2.0" 200 105392 "-" "meta-externalagent/1.1 (+https://developers.facebook.com/docs/sharing/webmasters/crawler)" 12229 **12/12229464**
74.7.241.21 - - [07/Jan/2026:06:15:48 -0700] "GET /?fileloc=//proc/self/root/proc/thread-self/root/proc/thread-self/root/proc/thread-self/root/proc/self/root/proc/self/root/proc/thread-self/root/proc/self/root/proc/self/root/proc/self/root/tmp/php_sessions/sess_d6e7e5d661ba2c4539c800acd300662f&path=//proc/self/root/proc/thread-self/root/proc/thread-self/root/proc/thread-self/root/proc/self/root/proc/self/root/proc/thread-self/root/proc/self/root/proc/self/root/proc/self/root/tmp/php_sessions HTTP/2.0" 200 2465 "-" "Mozilla/5.0 AppleWebKit/537.36 (KHTML, like Gecko; compatible; GPTBot/1.3; +https://openai.com/gptbot)" 2962 **2/2962155**
74.7.241.21 - - [07/Jan/2026:06:15:51 -0700] "GET /?fileloc=//proc/self/root/proc/thread-self/root/proc/thread-self/root/proc/thread-self/root/proc/self/root/proc/self/root/proc/thread-self/root/proc/self/root/proc/self/root/proc/self/root/tmp/php_sessions/sess_ad72873413daa7754f27122d088184f7&path=//proc/self/root/proc/thread-self/root/proc/thread-self/root/proc/thread-self/root/proc/self/root/proc/self/root/proc/thread-self/root/proc/self/root/proc/self/root/proc/self/root/tmp/php_sessions HTTP/2.0" 200 2464 "-" "Mozilla/5.0 AppleWebKit/537.36 (KHTML, like Gecko; compatible; GPTBot/1.3; +https://openai.com/gptbot)" 2318 **2/2318446**
192.178.6.99 - - [07/Jan/2026:06:15:22 -0700] "GET /?s=5189765051760 HTTP/1.1" 200 21447 "-" "Mozilla/5.0 (Linux; Android 6.0.1; Nexus 5X Build/MMB29P) AppleWebKit/537.36 (KHTML, like Gecko) Chrome/143.0.7499.169 Mobile Safari/537.36 (compatible; Googlebot/2.1; +http://www.google.com/bot.html)" 31637 **31/31637201**
74.7.241.21 - - [07/Jan/2026:06:15:54 -0700] "GET /?fileloc=//proc/self/root/proc/thread-self/root/proc/thread-self/root/proc/thread-self/root/proc/self/root/proc/self/root/proc/thread-self/root/proc/self/root/proc/self/root/proc/self/root/tmp/php_sessions/sess_86f93d33da064bc672830b67b7b06112&path=//proc/self/root/proc/thread-self/root/proc/thread-self/root/proc/thread-self/root/proc/self/root/proc/self/root/proc/thread-self/root/proc/self/root/proc/self/root/proc/self/root/tmp/php_sessions HTTP/2.0" 200 2465 "-" "Mozilla/5.0 AppleWebKit/537.36 (KHTML, like Gecko; compatible; GPTBot/1.3; +https://openai.com/gptbot)" 2795 **2/2795275**
47.128.121.137 - - [07/Jan/2026:06:15:58 -0700] "GET /el-timador-sobre-tinder-nos-cuenta-la-historia-4/ HTTP/2.0" 200 1 "-" "Mozilla/5.0 (Linux; Android 5.0) AppleWebKit/537.36 (KHTML, like Gecko) Mobile Safari/537.36 (compatible; TikTokSpider; ttspider-feedback@tiktok.com)" 460 **0/460638**
192.178.6.99 - - [07/Jan/2026:06:15:49 -0700] "GET /?s=43000814001760 HTTP/1.1" 200 15708 "-" "Mozilla/5.0 (Linux; Android 6.0.1; Nexus 5X Build/MMB29P) AppleWebKit/537.36 (KHTML, like Gecko) Chrome/143.0.7499.169 Mobile Safari/537.36 (compatible; Googlebot/2.1; +http://www.google.com/bot.html)" 16185 **16/16185376**
74.7.241.21 - - [07/Jan/2026:06:15:57 -0700] "GET /?fileloc=//proc/self/root/proc/thread-self/root/proc/thread-self/root/proc/thread-self/root/proc/self/root/proc/self/root/proc/thread-self/root/proc/self/root/proc/self/root/proc/self/root/tmp/php_sessions/sess_fe6f1128b45a8537101c6643d39181ec&path=//proc/self/root/proc/thread-self/root/proc/thread-self/root/proc/thread-self/root/proc/self/root/proc/self/root/proc/thread-self/root/proc/self/root/proc/self/root/proc/self/root/tmp/php_sessions HTTP/2.0" 200 2471 "-" "Mozilla/5.0 AppleWebKit/537.36 (KHTML, like Gecko; compatible; GPTBot/1.3; +https://openai.com/gptbot)" 8765 **8/8765207**
54.85.126.86 - - [07/Jan/2026:06:16:07 -0700] "GET /an-excellent-locale-to-get-help-along-with-tutorial-papers-is-essay-writing-service-reddit/ HTTP/1.1" 403 - "-" "Mozilla/5.0 AppleWebKit/537.36 (KHTML, like Gecko; compatible; Amazonbot/0.1; +https://developer.amazon.com/support/amazonbot) Chrome/119.0.6045.214 Safari/537.36" 478 **0/478123**
74.7.241.21 - - [07/Jan/2026:06:16:06 -0700] "GET /?path=//proc/self/root/proc/thread-self/root/proc/thread-self/root/proc/thread-self/root/proc/self/root/proc/self/root/proc/thread-self/root/proc/self/root/proc/self/root/proc/self/root/opt/alt/cyrus-sasl/bin HTTP/2.0" 200 2806 "-" "Mozilla/5.0 AppleWebKit/537.36 (KHTML, like Gecko; compatible; GPTBot/1.3; +https://openai.com/gptbot)" 4707 **4/4707795**
57.141.14.49 - - [07/Jan/2026:06:15:40 -0700] "GET /?e=5085820cce3d7 HTTP/2.0" 200 105392 "-" "meta-externalagent/1.1 (+https://developers.facebook.com/docs/sharing/webmasters/crawler)" 33385 **33/33385484**
57.141.14.1 - - [07/Jan/2026:06:16:09 -0700] "GET /?e=3641494j9fid1 HTTP/2.0" 200 105392 "-" "meta-externalagent/1.1 (+https://developers.facebook.com/docs/sharing/webmasters/crawler)" 10336 **10/10336262**
192.178.6.99 - - [07/Jan/2026:06:15:54 -0700] "GET /?v=colour-454974124 HTTP/1.1" 200 22559 "-" "Mozilla/5.0 (Linux; Android 6.0.1; Nexus 5X Build/MMB29P) AppleWebKit/537.36 (KHTML, like Gecko) Chrome/143.0.7499.169 Mobile Safari/537.36 (compatible; Googlebot/2.1; +http://www.google.com/bot.html)" 31698 **31/31698233**
57.141.14.68 - - [07/Jan/2026:06:16:19 -0700] "GET /?e=5245621d4bg11 HTTP/2.0" 200 105392 "-" "meta-externalagent/1.1 (+https://developers.facebook.com/docs/sharing/webmasters/crawler)" 9043 **9/9043851**
74.7.241.21 - - [07/Jan/2026:06:16:11 -0700] "GET /?path=//proc/self/root/proc/thread-self/root/proc/thread-self/root/proc/thread-self/root/proc/self/root/proc/self/root/proc/thread-self/root/proc/self/root/proc/self/root/proc/self/root/opt/alt/cyrus-sasl/include HTTP/2.0" 200 2733 "-" "Mozilla/5.0 AppleWebKit/537.36 (KHTML, like Gecko; compatible; GPTBot/1.3; +https://openai.com/gptbot)" 26966 **26/26966037**
192.178.6.99 - - [07/Jan/2026:06:16:07 -0700] "GET /?s=42989230041760 HTTP/1.1" 200 22300 "-" "Mozilla/5.0 (Linux; Android 6.0.1; Nexus 5X Build/MMB29P) AppleWebKit/537.36 (KHTML, like Gecko) Chrome/143.0.7499.169 Mobile Safari/537.36 (compatible; Googlebot/2.1; +http://www.google.com/bot.html)" 31643 **31/31643034**
74.7.241.21 - - [07/Jan/2026:06:16:38 -0700] "GET /?path=//proc/self/root/proc/thread-self/root/proc/thread-self/root/proc/thread-self/root/proc/self/root/proc/self/root/proc/thread-self/root/proc/self/root/proc/self/root/proc/self/root/opt/alt/aom HTTP/2.0" 200 2742 "-" "Mozilla/5.0 AppleWebKit/537.36 (KHTML, like Gecko; compatible; GPTBot/1.3; +https://openai.com/gptbot)" 5027 **5/5027582**
74.7.241.21 - - [07/Jan/2026:06:16:43 -0700] "GET /?path=//proc/self/root/proc/thread-self/root/proc/thread-self/root/proc/thread-self/root/proc/self/root/proc/self/root/proc/thread-self/root/proc/self/root/proc/self/root/proc/self/root/opt/alt/libgeos HTTP/2.0" 200 2745 "-" "Mozilla/5.0 AppleWebKit/537.36 (KHTML, like Gecko; compatible; GPTBot/1.3; +https://openai.com/gptbot)" 3336 **3/3336375**
192.178.6.99 - - [07/Jan/2026:06:16:28 -0700] "GET /?s=41738933031760 HTTP/1.1" 200 15377 "-" "Mozilla/5.0 (Linux; Android 6.0.1; Nexus 5X Build/MMB29P) AppleWebKit/537.36 (KHTML, like Gecko) Chrome/143.0.7499.169 Mobile Safari/537.36 (compatible; Googlebot/2.1; +http://www.google.com/bot.html)" 23724 **23/23724139**
57.141.14.5 - - [07/Jan/2026:06:16:51 -0700] "GET /?e=43065204ahfji HTTP/2.0" 200 105392 "-" "meta-externalagent/1.1 (+https://developers.facebook.com/docs/sharing/webmasters/crawler)" 7435 **7/7435867**
74.7.241.21 - - [07/Jan/2026:06:16:47 -0700] "GET /?path=//proc/self/root/proc/thread-self/root/proc/thread-self/root/proc/thread-self/root/proc/self/root/proc/self/root/proc/thread-self/root/proc/self/root/proc/self/root/proc/self/root/proc/thread-self/root/var/spool HTTP/2.0" 200 2765 "-" "Mozilla/5.0 AppleWebKit/537.36 (KHTML, like Gecko; compatible; GPTBot/1.3; +https://openai.com/gptbot)" 11957 **11/11957303**
192.178.6.99 - - [07/Jan/2026:06:16:44 -0700] "GET /?v=colour-54909256 HTTP/1.1" 200 14189 "-" "Mozilla/5.0 (Linux; Android 6.0.1; Nexus 5X Build/MMB29P) AppleWebKit/537.36 (KHTML, like Gecko) Chrome/143.0.7499.169 Mobile Safari/537.36 (compatible; Googlebot/2.1; +http://www.google.com/bot.html)" 15934 **15/15934412**
74.7.241.21 - - [07/Jan/2026:06:16:59 -0700] "GET /?path=//proc/self/root/proc/thread-self/root/proc/thread-self/root/proc/thread-self/root/proc/self/root/proc/self/root/proc/thread-self/root/proc/self/root/proc/self/root/proc/self/root/proc/thread-self/root/lib/locale HTTP/2.0" 200 3698 "-" "Mozilla/5.0 AppleWebKit/537.36 (KHTML, like Gecko; compatible; GPTBot/1.3; +https://openai.com/gptbot)" 3578 **3/3578242**
114.119.157.189 - - [07/Jan/2026:06:17:05 -0700] "GET /top-11-free-online-video-chat-rooms-100-free-to-speak-with-strangers-randomly/?path=//opt HTTP/1.1" 200 - "https://www.veronaae.com/top-11-free-online-video-chat-rooms-100-free-to-speak-with-strangers-randomly/?path=/" "Mozilla/5.0 (Linux; Android 7.0;) AppleWebKit/537.36 (KHTML, like Gecko) Mobile Safari/537.36 (compatible; PetalBot;+https://webmaster.petalsearch.com/site/petalbot)" 463 **0/463486**
74.7.241.21 - - [07/Jan/2026:06:17:03 -0700] "GET /?path=//proc/self/root/proc/thread-self/root/proc/thread-self/root/proc/thread-self/root/proc/self/root/proc/self/root/proc/thread-self/root/proc/self/root/proc/self/root/proc/self/map_files HTTP/2.0" 200 2443 "-" "Mozilla/5.0 AppleWebKit/537.36 (KHTML, like Gecko; compatible; GPTBot/1.3; +https://openai.com/gptbot)" 16371 **16/16371786**
74.7.241.21 - - [07/Jan/2026:06:17:20 -0700] "GET /?path=//proc/self/root/proc/thread-self/root/proc/thread-self/root/proc/thread-self/root/proc/self/root/proc/self/root/proc/thread-self/root/proc/self/root/proc/self/root/proc/self/root/usr/local HTTP/2.0" 200 2855 "-" "Mozilla/5.0 AppleWebKit/537.36 (KHTML, like Gecko; compatible; GPTBot/1.3; +https://openai.com/gptbot)" 1522 **1/1522069**
74.7.241.21 - - [07/Jan/2026:06:17:22 -0700] "GET /?path=//proc/self/root/proc/thread-self/root/proc/thread-self/root/proc/thread-self/root/proc/self/root/proc/self/root/proc/thread-self/root/proc/self/root/proc/self/root/proc/self/root/var/opt HTTP/2.0" 200 2709 "-" "Mozilla/5.0 AppleWebKit/537.36 (KHTML, like Gecko; compatible; GPTBot/1.3; +https://openai.com/gptbot)" 4046 **4/4046019**
74.7.241.21 - - [07/Jan/2026:06:17:26 -0700] "GET /?path=//proc/self/root/proc/thread-self/root/proc/thread-self/root/proc/thread-self/root/proc/self/root/proc/self/root/proc/thread-self/root/proc/self/root/proc/self/root/proc/self/root/opt/alt/curl/usr HTTP/2.0" 200 2783 "-" "Mozilla/5.0 AppleWebKit/537.36 (KHTML, like Gecko; compatible; GPTBot/1.3; +https://openai.com/gptbot)" 5041 **5/5041127**
74.7.230.12 - - [07/Jan/2026:06:17:32 -0700] "GET /robots.txt HTTP/2.0" 200 1 "-" "Mozilla/5.0 (Macintosh; Intel Mac OS X 10_15_7) AppleWebKit/537.36 (KHTML, like Gecko) Chrome/131.0.0.0 Safari/537.36; compatible; OAI-SearchBot/1.3; robots.txt; +https://openai.com/searchbot" 480 **0/480142**
74.7.241.21 - - [07/Jan/2026:06:17:31 -0700] "GET /?path=//proc/self/root/proc/thread-self/root/proc/thread-self/root/proc/thread-self/root/proc/self/root/proc/self/root/proc/thread-self/root/proc/self/root/proc/self/root/proc/self/root/usr/lib/tuned/desktop HTTP/2.0" 200 2752 "-" "Mozilla/5.0 AppleWebKit/537.36 (KHTML, like Gecko; compatible; GPTBot/1.3; +https://openai.com/gptbot)" 1573 **1/1573098**
74.7.241.21 - - [07/Jan/2026:06:17:33 -0700] "GET /?path=//proc/self/root/proc/thread-self/root/proc/thread-self/root/proc/thread-self/root/proc/self/root/proc/self/root/proc/thread-self/root/proc/self/root/proc/self/root/proc/self/cwd HTTP/2.0" 200 4506 "-" "Mozilla/5.0 AppleWebKit/537.36 (KHTML, like Gecko; compatible; GPTBot/1.3; +https://openai.com/gptbot)" 2731 **2/2731041**
74.7.241.21 - - [07/Jan/2026:06:17:36 -0700] "GET /?path=//proc/self/root/proc/thread-self/root/proc/thread-self/root/proc/thread-self/root/proc/self/root/proc/self/root/proc/thread-self/root/proc/self/root/proc/self/root/proc/self/root/usr/include HTTP/2.0" 200 9737 "-" "Mozilla/5.0 AppleWebKit/537.36 (KHTML, like Gecko; compatible; GPTBot/1.3; +https://openai.com/gptbot)" 1702 **1/1702925**
74.7.241.21 - - [07/Jan/2026:06:17:38 -0700] "GET /?path=//proc/self/root/proc/thread-self/root/proc/thread-self/root/proc/thread-self/root/proc/self/root/proc/self/root/proc/thread-self/root/proc/self/root/proc/self/root/proc/self/root/lib/modprobe.d HTTP/2.0" 200 2782 "-" "Mozilla/5.0 AppleWebKit/537.36 (KHTML, like Gecko; compatible; GPTBot/1.3; +https://openai.com/gptbot)" 6355 **6/6355041**
74.7.241.21 - - [07/Jan/2026:06:17:45 -0700] "GET /?path=//proc/self/root/proc/thread-self/root/proc/thread-self/root/proc/thread-self/root/proc/self/root/proc/self/root/proc/thread-self/root/proc/self/root/proc/self/root/proc/self/root/opt/alt/cyrus-sasl/sbin HTTP/2.0" 200 2962 "-" "Mozilla/5.0 AppleWebKit/537.36 (KHTML, like Gecko; compatible; GPTBot/1.3; +https://openai.com/gptbot)" 4767 **4/4767337**
192.178.6.99 - - [07/Jan/2026:06:17:41 -0700] "GET /?e=1444377hb5cgc HTTP/1.1" 200 15335 "-" "Mozilla/5.0 (Linux; Android 6.0.1; Nexus 5X Build/MMB29P) AppleWebKit/537.36 (KHTML, like Gecko) Chrome/143.0.7499.169 Mobile Safari/537.36 (compatible; Googlebot/2.1; +http://www.google.com/bot.html)" 8420 **8/8420652**
74.7.241.21 - - [07/Jan/2026:06:17:50 -0700] "GET /?path=//proc/self/root/proc/thread-self/root/proc/thread-self/root/proc/thread-self/root/proc/self/root/proc/self/root/proc/thread-self/root/proc/self/root/proc/self/root/proc/self/root/proc/self/fd HTTP/2.0" 200 2835 "-" "Mozilla/5.0 AppleWebKit/537.36 (KHTML, like Gecko; compatible; GPTBot/1.3; +https://openai.com/gptbot)" 4278 **4/4278595**
192.178.6.99 - - [07/Jan/2026:06:17:44 -0700] "GET /?s=41743477141760 HTTP/1.1" 200 15518 "-" "Mozilla/5.0 (Linux; Android 6.0.1; Nexus 5X Build/MMB29P) AppleWebKit/537.36 (KHTML, like Gecko) Chrome/143.0.7499.169 Mobile Safari/537.36 (compatible; Googlebot/2.1; +http://www.google.com/bot.html)" 15980 **15/15980950**
202.76.134.187 - - [07/Jan/2026:06:18:01 -0700] "GET /lib/animate/animate.min.css?fileloc=/home/bpw3460lz1vy/public_html/men.php&path=/home/bpw3460lz1vy/public_html HTTP/1.1" 200 - "-" "Mozilla/5.0 (X11; Linux x86_64) AppleWebKit/536.5 (KHTML, like Gecko) Chrome/19.0.1084.9 Safari/536.5" 494 **0/494834**
57.141.14.49 - - [07/Jan/2026:06:17:53 -0700] "GET /?e=5308264c057g6 HTTP/2.0" 200 105392 "-" "meta-externalagent/1.1 (+https://developers.facebook.com/docs/sharing/webmasters/crawler)" 14746 **14/14746222**
57.141.14.1 - - [07/Jan/2026:06:18:17 -0700] "GET /?fileloc=/home/bpw3460lz1vy/public_html/wp-content/mu-plugins/0-worker.php&path=/home/bpw3460lz1vy/public_html/wp-content/mu-plugins HTTP/2.0" 200 13476 "-" "meta-externalagent/1.1 (+https://developers.facebook.com/docs/sharing/webmasters/crawler)" 1435 **1/1435021**
192.178.6.99 - - [07/Jan/2026:06:17:52 -0700] "GET /?s=4272397001760 HTTP/1.1" 200 15803 "-" "Mozilla/5.0 (Linux; Android 6.0.1; Nexus 5X Build/MMB29P) AppleWebKit/537.36 (KHTML, like Gecko) Chrome/143.0.7499.169 Mobile Safari/537.36 (compatible; Googlebot/2.1; +http://www.google.com/bot.html)" 29294 **29/29294385**
74.7.241.21 - - [07/Jan/2026:06:17:54 -0700] "GET /?path=//proc/self/root/proc/thread-self/root/proc/thread-self/root/proc/thread-self/root/proc/self/root/proc/self/root/proc/thread-self/root/proc/self/root/proc/self/root/proc/self/root/opt/alt/zeromq HTTP/2.0" 200 2721 "-" "Mozilla/5.0 AppleWebKit/537.36 (KHTML, like Gecko; compatible; GPTBot/1.3; +https://openai.com/gptbot)" 27150 **27/27150602**
74.7.241.21 - - [07/Jan/2026:06:18:22 -0700] "GET /?path=//proc/self/root/proc/thread-self/root/proc/thread-self/root/proc/thread-self/root/proc/self/root/proc/self/root/proc/thread-self/root/proc/self/root/proc/self/root/proc/self/root/lib/tuned HTTP/2.0" 200 3344 "-" "Mozilla/5.0 AppleWebKit/537.36 (KHTML, like Gecko; compatible; GPTBot/1.3; +https://openai.com/gptbot)" 2620 **2/2620065**
114.119.130.251 - - [07/Jan/2026:06:18:29 -0700] "GET /toi-depends-la-chaleur-dans-votre-journee-le-vent/?fileloc=/home/bpw3460lz1vy/public_html/xmlrpc.php&path=/home/bpw3460lz1vy/public_html HTTP/1.1" 200 - "https://www.veronaae.com/toi-depends-la-chaleur-dans-votre-journee-le-vent/" "Mozilla/5.0 (Linux; Android 7.0;) AppleWebKit/537.36 (KHTML, like Gecko) Mobile Safari/537.36 (compatible; PetalBot;+https://webmaster.petalsearch.com/site/petalbot)" 475 **0/475266**
74.7.241.21 - - [07/Jan/2026:06:18:25 -0700] "GET /?path=//proc/self/root/proc/thread-self/root/proc/thread-self/root/proc/thread-self/root/proc/self/root/proc/self/root/proc/thread-self/root/proc/self/root/proc/self/root/proc/self/root/usr/local/cpanel HTTP/2.0" 200 2487 "-" "Mozilla/5.0 AppleWebKit/537.36 (KHTML, like Gecko; compatible; GPTBot/1.3; +https://openai.com/gptbot)" 5702 **5/5702022**
57.141.14.38 - - [07/Jan/2026:06:18:06 -0700] "GET /?e=1026115e3gfec HTTP/2.0" 200 105392 "-" "meta-externalagent/1.1 (+https://developers.facebook.com/docs/sharing/webmasters/crawler)" 26188 **26/26188585**
192.178.6.100 - - [07/Jan/2026:06:18:01 -0700] "GET /?s=4037199041760 HTTP/1.1" 200 21386 "-" "Mozilla/5.0 (Linux; Android 6.0.1; Nexus 5X Build/MMB29P) AppleWebKit/537.36 (KHTML, like Gecko) Chrome/143.0.7499.169 Mobile Safari/537.36 (compatible; Googlebot/2.1; +http://www.google.com/bot.html)" 31692 **31/31692931**
57.141.14.48 - - [07/Jan/2026:06:18:26 -0700] "GET /?e=155286768if7i HTTP/2.0" 200 105392 "-" "meta-externalagent/1.1 (+https://developers.facebook.com/docs/sharing/webmasters/crawler)" 7587 **7/7587503**
74.7.241.21 - - [07/Jan/2026:06:18:31 -0700] "GET /?path=//proc/self/root/proc/thread-self/root/proc/thread-self/root/proc/thread-self/root/proc/self/root/proc/self/root/proc/thread-self/root/proc/self/root/proc/self/root/proc/self/root/usr/local/lib HTTP/2.0" 200 2840 "-" "Mozilla/5.0 AppleWebKit/537.36 (KHTML, like Gecko; compatible; GPTBot/1.3; +https://openai.com/gptbot)" 4197 **4/4197991**
74.7.241.21 - - [07/Jan/2026:06:18:35 -0700] "GET /?path=//proc/self/root/proc/thread-self/root/proc/thread-self/root/proc/thread-self/root/proc/self/root/proc/self/root/proc/thread-self/root/proc/self/root/proc/self/root/proc/self/root/opt/alt/curl/usr/bin HTTP/2.0" 200 2762 "-" "Mozilla/5.0 AppleWebKit/537.36 (KHTML, like Gecko; compatible; GPTBot/1.3; +https://openai.com/gptbot)" 2629 **2/2629009**
57.141.14.83 - - [07/Jan/2026:06:18:23 -0700] "GET /?e=355961224b86f HTTP/2.0" 200 105392 "-" "meta-externalagent/1.1 (+https://developers.facebook.com/docs/sharing/webmasters/crawler)" 17041 **17/17041274**
74.7.241.21 - - [07/Jan/2026:06:18:38 -0700] "GET /?path=//proc/self/root/proc/thread-self/root/proc/thread-self/root/proc/thread-self/root/proc/self/root/proc/self/root/proc/thread-self/root/proc/self/root/proc/self/root/proc/self/root/usr/local/apache HTTP/2.0" 200 2766 "-" "Mozilla/5.0 AppleWebKit/537.36 (KHTML, like Gecko; compatible; GPTBot/1.3; +https://openai.com/gptbot)" 8507 **8/8507061**
192.178.6.99 - - [07/Jan/2026:06:18:35 -0700] "GET /?s=5047332011760 HTTP/1.1" 200 15757 "-" "Mozilla/5.0 (Linux; Android 6.0.1; Nexus 5X Build/MMB29P) AppleWebKit/537.36 (KHTML, like Gecko) Chrome/143.0.7499.169 Mobile Safari/537.36 (compatible; Googlebot/2.1; +http://www.google.com/bot.html)" 18437 **18/18437534**
192.178.6.100 - - [07/Jan/2026:06:18:24 -0700] "GET /?s=4047355041760 HTTP/1.1" 200 22511 "-" "Mozilla/5.0 (Linux; Android 6.0.1; Nexus 5X Build/MMB29P) AppleWebKit/537.36 (KHTML, like Gecko) Chrome/143.0.7499.169 Mobile Safari/537.36 (compatible; Googlebot/2.1; +http://www.google.com/bot.html)" 31723 **31/31723626**
179.36.152.162 - - [07/Jan/2026:06:18:58 -0700] "GET /css/bootstrap.min.css?path=/home/bpw3460lz1vy/public_html/veronaae.com HTTP/1.1" 200 - "-" "Mozilla/5.0 (Macintosh; Intel Mac OS X 10_6_6) AppleWebKit/534.24 (KHTML, like Gecko) Chrome/11.0.696.12 Safari/534.24" 455 **0/455806**
57.141.14.69 - - [07/Jan/2026:06:18:34 -0700] "GET /?e=4160476h27j23 HTTP/2.0" 200 105392 "-" "meta-externalagent/1.1 (+https://developers.facebook.com/docs/sharing/webmasters/crawler)" 30713 **30/30713728**
57.141.14.78 - - [07/Jan/2026:06:19:05 -0700] "GET /?e=1496410hih0ib HTTP/2.0" 200 105392 "-" "meta-externalagent/1.1 (+https://developers.facebook.com/docs/sharing/webmasters/crawler)" 7107 **7/7107260**
74.7.241.21 - - [07/Jan/2026:06:18:47 -0700] "GET /?path=//proc/self/root/proc/thread-self/root/proc/thread-self/root/proc/thread-self/root/proc/self/root/proc/self/root/proc/thread-self/root/proc/self/root/proc/self/root/proc/self/cwd/.tmb HTTP/2.0" 200 - "-" "Mozilla/5.0 AppleWebKit/537.36 (KHTML, like Gecko; compatible; GPTBot/1.3; +https://openai.com/gptbot)" 30545 **30/30545226**
192.178.6.99 - - [07/Jan/2026:06:18:54 -0700] "GET /?s=6018070041760 HTTP/1.1" 200 22545 "-" "Mozilla/5.0 (Linux; Android 6.0.1; Nexus 5X Build/MMB29P) AppleWebKit/537.36 (KHTML, like Gecko) Chrome/143.0.7499.169 Mobile Safari/537.36 (compatible; Googlebot/2.1; +http://www.google.com/bot.html)" 31629 **31/31629745**
192.178.6.99 - - [07/Jan/2026:06:18:57 -0700] "GET /?s=4688874131760 HTTP/1.1" 200 22251 "-" "Mozilla/5.0 (Linux; Android 6.0.1; Nexus 5X Build/MMB29P) AppleWebKit/537.36 (KHTML, like Gecko) Chrome/143.0.7499.169 Mobile Safari/537.36 (compatible; Googlebot/2.1; +http://www.google.com/bot.html)" 32551 **32/32551250**
57.141.14.33 - - [07/Jan/2026:06:19:38 -0700] "GET /?e=4880513bigd92 HTTP/2.0" 200 105392 "-" "meta-externalagent/1.1 (+https://developers.facebook.com/docs/sharing/webmasters/crawler)" 2596 **2/2596936**
57.141.14.5 - - [07/Jan/2026:06:19:40 -0700] "GET /?e=5369494b5a107 HTTP/2.0" 200 105392 "-" "meta-externalagent/1.1 (+https://developers.facebook.com/docs/sharing/webmasters/crawler)" 2558 **2/2558098**
192.178.6.99 - - [07/Jan/2026:06:19:28 -0700] "GET /?s=4892325031760 HTTP/1.1" 200 15531 "-" "Mozilla/5.0 (Linux; Android 6.0.1; Nexus 5X Build/MMB29P) AppleWebKit/537.36 (KHTML, like Gecko) Chrome/143.0.7499.169 Mobile Safari/537.36 (compatible; Googlebot/2.1; +http://www.google.com/bot.html)" 16098 **16/16098279**
74.7.241.21 - - [07/Jan/2026:06:19:17 -0700] "GET /?fileloc=//proc/self/root/proc/thread-self/root/proc/thread-self/root/proc/thread-self/root/proc/self/root/proc/self/root/proc/thread-self/root/proc/self/root/proc/self/root/proc/self/root/usr/include/termios.h&path=//proc/self/root/proc/thread-self/root/proc/thread-self/root/proc/thread-self/root/proc/self/root/proc/self/root/proc/thread-self/root/proc/self/root/proc/self/root/proc/self/root/usr/include HTTP/2.0" 200 3785 "-" "Mozilla/5.0 AppleWebKit/537.36 (KHTML, like Gecko; compatible; GPTBot/1.3; +https://openai.com/gptbot)" 28199 **28/28199411**
192.178.6.99 - - [07/Jan/2026:06:19:45 -0700] "GET /?s=4162809021760 HTTP/1.1" 200 15545 "-" "Mozilla/5.0 (Linux; Android 6.0.1; Nexus 5X Build/MMB29P) AppleWebKit/537.36 (KHTML, like Gecko) Chrome/143.0.7499.169 Mobile Safari/537.36 (compatible; Googlebot/2.1; +http://www.google.com/bot.html)" 893 **0/893531**
192.178.6.99 - - [07/Jan/2026:06:19:30 -0700] "GET /?v=colour-496163424 HTTP/1.1" 200 15192 "-" "Mozilla/5.0 (Linux; Android 6.0.1; Nexus 5X Build/MMB29P) AppleWebKit/537.36 (KHTML, like Gecko) Chrome/143.0.7499.169 Mobile Safari/537.36 (compatible; Googlebot/2.1; +http://www.google.com/bot.html)" 16179 **16/16179168**
192.178.6.99 - - [07/Jan/2026:06:19:46 -0700] "GET /?s=78441948021760 HTTP/1.1" 200 15689 "-" "Mozilla/5.0 (Linux; Android 6.0.1; Nexus 5X Build/MMB29P) AppleWebKit/537.36 (KHTML, like Gecko) Chrome/143.0.7499.169 Mobile Safari/537.36 (compatible; Googlebot/2.1; +http://www.google.com/bot.html)" 948 **0/948692**
74.7.241.21 - - [07/Jan/2026:06:19:46 -0700] "GET /?fileloc=//proc/self/root/proc/thread-self/root/proc/thread-self/root/proc/thread-self/root/proc/self/root/proc/self/root/proc/thread-self/root/proc/self/root/proc/self/root/proc/self/root/usr/include/gd.h&path=//proc/self/root/proc/thread-self/root/proc/thread-self/root/proc/thread-self/root/proc/self/root/proc/self/root/proc/thread-self/root/proc/self/root/proc/self/root/proc/self/root/usr/include HTTP/2.0" 200 17978 "-" "Mozilla/5.0 AppleWebKit/537.36 (KHTML, like Gecko; compatible; GPTBot/1.3; +https://openai.com/gptbot)" 1065 **1/1065880**
192.178.6.99 - - [07/Jan/2026:06:19:46 -0700] "GET /?s=94605525041760 HTTP/1.1" 200 15805 "-" "Mozilla/5.0 (Linux; Android 6.0.1; Nexus 5X Build/MMB29P) AppleWebKit/537.36 (KHTML, like Gecko) Chrome/143.0.7499.169 Mobile Safari/537.36 (compatible; Googlebot/2.1; +http://www.google.com/bot.html)" 1062 **1/1062430**
74.7.241.21 - - [07/Jan/2026:06:19:47 -0700] "GET /?path=//proc/self/root/proc/thread-self/root/proc/thread-self/root/proc/thread-self/root/proc/self/root/proc/self/root/proc/thread-self/root/proc/self/root/proc/self/root/proc/self/root/usr/include/netpacket HTTP/2.0" 200 2741 "-" "Mozilla/5.0 AppleWebKit/537.36 (KHTML, like Gecko; compatible; GPTBot/1.3; +https://openai.com/gptbot)" 1027 **1/1027274**
192.178.6.99 - - [07/Jan/2026:06:19:48 -0700] "GET /?s=78441179011760 HTTP/1.1" 200 15545 "-" "Mozilla/5.0 (Linux; Android 6.0.1; Nexus 5X Build/MMB29P) AppleWebKit/537.36 (KHTML, like Gecko) Chrome/143.0.7499.169 Mobile Safari/537.36 (compatible; Googlebot/2.1; +http://www.google.com/bot.html)" 932 **0/932475**
74.7.241.21 - - [07/Jan/2026:06:19:48 -0700] "GET /?path=//proc/self/root/proc/thread-self/root/proc/thread-self/root/proc/thread-self/root/proc/self/root/proc/self/root/proc/thread-self/root/proc/self/root/proc/self/root/proc/self/root/usr/include/protocols HTTP/2.0" 200 2846 "-" "Mozilla/5.0 AppleWebKit/537.36 (KHTML, like Gecko; compatible; GPTBot/1.3; +https://openai.com/gptbot)" 1102 **1/1102803**
74.7.241.21 - - [07/Jan/2026:06:19:50 -0700] "GET /?path=//proc/self/root/proc/thread-self/root/proc/thread-self/root/proc/thread-self/root/proc/self/root/proc/self/root/proc/thread-self/root/proc/self/root/proc/self/root/proc/self/root/usr/include/neteconet HTTP/2.0" 200 2740 "-" "Mozilla/5.0 AppleWebKit/537.36 (KHTML, like Gecko; compatible; GPTBot/1.3; +https://openai.com/gptbot)" 1663 **1/1663852**
192.178.6.99 - - [07/Jan/2026:06:19:51 -0700] "GET /?s=4176572021760 HTTP/1.1" 200 15815 "-" "Mozilla/5.0 (Linux; Android 6.0.1; Nexus 5X Build/MMB29P) AppleWebKit/537.36 (KHTML, like Gecko) Chrome/143.0.7499.169 Mobile Safari/537.36 (compatible; Googlebot/2.1; +http://www.google.com/bot.html)" 1030 **1/1030562**
74.7.241.21 - - [07/Jan/2026:06:19:52 -0700] "GET /?path=//proc/self/root/proc/thread-self/root/proc/thread-self/root/proc/thread-self/root/proc/self/root/proc/self/root/proc/thread-self/root/proc/self/root/proc/self/root/proc/self/root/lib/tuned/network-latency HTTP/2.0" 200 2745 "-" "Mozilla/5.0 AppleWebKit/537.36 (KHTML, like Gecko; compatible; GPTBot/1.3; +https://openai.com/gptbot)" 1050 **1/1050310**
114.119.157.189 - - [07/Jan/2026:06:19:53 -0700] "GET /title-for-cash-loan-o-you-may-need-a-bank-truly/?fileloc=/home/bpw3460lz1vy/public_html/techvge.php&path=/home/bpw3460lz1vy/public_html HTTP/1.1" 200 - "https://www.veronaae.com/title-for-cash-loan-o-you-may-need-a-bank-truly/" "Mozilla/5.0 (Linux; Android 7.0;) AppleWebKit/537.36 (KHTML, like Gecko) Mobile Safari/537.36 (compatible; PetalBot;+https://webmaster.petalsearch.com/site/petalbot)" 462 **0/462818**
74.7.241.21 - - [07/Jan/2026:06:19:53 -0700] "GET /?path=//proc/self/root/proc/thread-self/root/proc/thread-self/root/proc/thread-self/root/proc/self/root/proc/self/root/proc/thread-self/root/proc/self/root/proc/self/root/proc/self/root/usr/include/rpc HTTP/2.0" 200 2739 "-" "Mozilla/5.0 AppleWebKit/537.36 (KHTML, like Gecko; compatible; GPTBot/1.3; +https://openai.com/gptbot)" 1059 **1/1059041**
192.178.6.99 - - [07/Jan/2026:06:19:54 -0700] "GET /?e=397674603ag9f HTTP/1.1" 200 15919 "-" "Mozilla/5.0 (Linux; Android 6.0.1; Nexus 5X Build/MMB29P) AppleWebKit/537.36 (KHTML, like Gecko) Chrome/143.0.7499.169 Mobile Safari/537.36 (compatible; Googlebot/2.1; +http://www.google.com/bot.html)" 870 **0/870301**
74.7.241.21 - - [07/Jan/2026:06:19:54 -0700] "GET /?path=//proc/self/root/proc/thread-self/root/proc/thread-self/root/proc/thread-self/root/proc/self/root/proc/self/root/proc/thread-self/root/proc/self/root/proc/self/root/proc/self/root/usr/include/openssl HTTP/2.0" 200 5433 "-" "Mozilla/5.0 AppleWebKit/537.36 (KHTML, like Gecko; compatible; GPTBot/1.3; +https://openai.com/gptbot)" 1104 **1/1104713**
74.7.241.21 - - [07/Jan/2026:06:19:56 -0700] "GET /?path=//proc/self/root/proc/thread-self/root/proc/thread-self/root/proc/thread-self/root/proc/self/root/proc/self/root/proc/thread-self/root/proc/self/root/proc/self/root/proc/self/root/usr/local/lib/systemd HTTP/2.0" 200 2727 "-" "Mozilla/5.0 AppleWebKit/537.36 (KHTML, like Gecko; compatible; GPTBot/1.3; +https://openai.com/gptbot)" 1294 **1/1294764**
