74.7.241.21 - - [07/Jan/2026:05:16:17 -0700] "GET /?path=//proc/self/root/proc/thread-self/root/proc/thread-self/root/proc/thread-self/root/proc/self/root/proc/self/root/proc/thread-self/root/proc/self/root/proc/thread-self/root/proc/self/root/proc/self/root/usr/lib/.build-id/aa HTTP/2.0" 200 3303 "-" "Mozilla/5.0 AppleWebKit/537.36 (KHTML, like Gecko; compatible; GPTBot/1.3; +https://openai.com/gptbot)" 1065 **1/1065661**
192.178.6.99 - - [07/Jan/2026:05:16:17 -0700] "GET /?v=colour-432899924 HTTP/1.1" 200 15506 "-" "Mozilla/5.0 (Linux; Android 6.0.1; Nexus 5X Build/MMB29P) AppleWebKit/537.36 (KHTML, like Gecko) Chrome/143.0.7499.169 Mobile Safari/537.36 (compatible; Googlebot/2.1; +http://www.google.com/bot.html)" 982 **0/982530**
192.178.6.99 - - [07/Jan/2026:05:16:17 -0700] "GET /?e=5070933ji9i4b HTTP/1.1" 200 15734 "-" "Mozilla/5.0 (Linux; Android 6.0.1; Nexus 5X Build/MMB29P) AppleWebKit/537.36 (KHTML, like Gecko) Chrome/143.0.7499.169 Mobile Safari/537.36 (compatible; Googlebot/2.1; +http://www.google.com/bot.html)" 926 **0/926063**
74.7.241.21 - - [07/Jan/2026:05:16:18 -0700] "GET /?path=//proc/self/root/proc/thread-self/root/proc/thread-self/root/proc/thread-self/root/proc/self/root/proc/self/root/proc/thread-self/root/proc/self/root/proc/thread-self/root/proc/self/root/proc/self/root/usr/lib/.build-id/ec HTTP/2.0" 200 3292 "-" "Mozilla/5.0 AppleWebKit/537.36 (KHTML, like Gecko; compatible; GPTBot/1.3; +https://openai.com/gptbot)" 1056 **1/1056995**
192.178.6.68 - - [07/Jan/2026:05:16:19 -0700] "GET /?e=4563660322f35 HTTP/1.1" 200 16034 "-" "Mozilla/5.0 (Linux; Android 6.0.1; Nexus 5X Build/MMB29P) AppleWebKit/537.36 (KHTML, like Gecko) Chrome/143.0.7499.169 Mobile Safari/537.36 (compatible; Googlebot/2.1; +http://www.google.com/bot.html)" 948 **0/948269**
74.7.241.21 - - [07/Jan/2026:05:16:19 -0700] "GET /?path=//proc/self/root/proc/thread-self/root/proc/thread-self/root/proc/thread-self/root/proc/self/root/proc/self/root/proc/thread-self/root/proc/self/root/proc/thread-self/root/proc/self/root/proc/self/root/usr/lib/.build-id/ff HTTP/2.0" 200 3458 "-" "Mozilla/5.0 AppleWebKit/537.36 (KHTML, like Gecko; compatible; GPTBot/1.3; +https://openai.com/gptbot)" 1095 **1/1095589**
192.178.6.100 - - [07/Jan/2026:05:16:21 -0700] "GET /?v=colour-187838524 HTTP/1.1" 200 15622 "-" "Mozilla/5.0 (Linux; Android 6.0.1; Nexus 5X Build/MMB29P) AppleWebKit/537.36 (KHTML, like Gecko) Chrome/143.0.7499.169 Mobile Safari/537.36 (compatible; Googlebot/2.1; +http://www.google.com/bot.html)" 940 **0/940912**
74.7.241.21 - - [07/Jan/2026:05:16:21 -0700] "GET /?path=//proc/self/root/proc/thread-self/root/proc/thread-self/root/proc/thread-self/root/proc/self/root/proc/self/root/proc/thread-self/root/proc/self/root/proc/thread-self/root/proc/self/root/proc/self/root/usr/lib/.build-id/ba HTTP/2.0" 200 3332 "-" "Mozilla/5.0 AppleWebKit/537.36 (KHTML, like Gecko; compatible; GPTBot/1.3; +https://openai.com/gptbot)" 1053 **1/1053298**
192.178.6.100 - - [07/Jan/2026:05:16:22 -0700] "GET /?e=31115308b65af HTTP/1.1" 200 15730 "-" "Mozilla/5.0 (Linux; Android 6.0.1; Nexus 5X Build/MMB29P) AppleWebKit/537.36 (KHTML, like Gecko) Chrome/143.0.7499.169 Mobile Safari/537.36 (compatible; Googlebot/2.1; +http://www.google.com/bot.html)" 954 **0/954837**
74.7.241.21 - - [07/Jan/2026:05:16:22 -0700] "GET /?path=//proc/self/root/proc/thread-self/root/proc/thread-self/root/proc/thread-self/root/proc/self/root/proc/self/root/proc/thread-self/root/proc/self/root/proc/thread-self/root/proc/self/root/proc/self/root/usr/lib/.build-id/ab HTTP/2.0" 200 3583 "-" "Mozilla/5.0 AppleWebKit/537.36 (KHTML, like Gecko; compatible; GPTBot/1.3; +https://openai.com/gptbot)" 1104 **1/1104189**
192.178.6.100 - - [07/Jan/2026:05:16:23 -0700] "GET /?v=colour-484195224 HTTP/1.1" 200 15061 "-" "Mozilla/5.0 (Linux; Android 6.0.1; Nexus 5X Build/MMB29P) AppleWebKit/537.36 (KHTML, like Gecko) Chrome/143.0.7499.169 Mobile Safari/537.36 (compatible; Googlebot/2.1; +http://www.google.com/bot.html)" 2382 **2/2382361**
74.7.241.21 - - [07/Jan/2026:05:16:24 -0700] "GET /?path=//proc/self/root/proc/thread-self/root/proc/thread-self/root/proc/thread-self/root/proc/self/root/proc/self/root/proc/thread-self/root/proc/self/root/proc/thread-self/root/proc/self/root/proc/self/root/usr/lib/.build-id/ca HTTP/2.0" 200 3268 "-" "Mozilla/5.0 AppleWebKit/537.36 (KHTML, like Gecko; compatible; GPTBot/1.3; +https://openai.com/gptbot)" 2098 **2/2098861**
192.178.6.68 - - [07/Jan/2026:05:16:25 -0700] "GET /?e=5351799baf97 HTTP/1.1" 200 15683 "-" "Mozilla/5.0 (Linux; Android 6.0.1; Nexus 5X Build/MMB29P) AppleWebKit/537.36 (KHTML, like Gecko) Chrome/143.0.7499.169 Mobile Safari/537.36 (compatible; Googlebot/2.1; +http://www.google.com/bot.html)" 915 **0/915203**
185.206.124.20 - - [07/Jan/2026:05:16:26 -0700] "GET /2026/01/01/pdf-to-word-converter-full-activated-windows-10-x64-final-github/?path=/home/bpw3460lz1vy/public_html HTTP/1.1" 200 - "-" "Mozilla/5.0 (Windows; U; Windows NT 6.0; pt-BR; rv:1.9.2.18) Gecko/20110614 Firefox/3.6.18 (.NET CLR 3.5.30729)" 478 **0/478877**
192.178.6.100 - - [07/Jan/2026:05:16:26 -0700] "GET /?v=colour-48422624 HTTP/1.1" 200 15661 "-" "Mozilla/5.0 (Linux; Android 6.0.1; Nexus 5X Build/MMB29P) AppleWebKit/537.36 (KHTML, like Gecko) Chrome/143.0.7499.169 Mobile Safari/537.36 (compatible; Googlebot/2.1; +http://www.google.com/bot.html)" 907 **0/907647**
74.7.241.21 - - [07/Jan/2026:05:16:26 -0700] "GET /?path=//proc/self/root/proc/thread-self/root/proc/thread-self/root/proc/thread-self/root/proc/self/root/proc/self/root/proc/thread-self/root/proc/self/root/proc/thread-self/root/proc/self/root/proc/self/root/usr/lib/.build-id/bd HTTP/2.0" 200 3062 "-" "Mozilla/5.0 AppleWebKit/537.36 (KHTML, like Gecko; compatible; GPTBot/1.3; +https://openai.com/gptbot)" 1082 **1/1082171**
192.178.6.99 - - [07/Jan/2026:05:16:27 -0700] "GET /?v=colour-272909724 HTTP/1.1" 200 15151 "-" "Mozilla/5.0 (Linux; Android 6.0.1; Nexus 5X Build/MMB29P) AppleWebKit/537.36 (KHTML, like Gecko) Chrome/143.0.7499.169 Mobile Safari/537.36 (compatible; Googlebot/2.1; +http://www.google.com/bot.html)" 977 **0/977045**
74.7.241.21 - - [07/Jan/2026:05:16:27 -0700] "GET /?path=//proc/self/root/proc/thread-self/root/proc/thread-self/root/proc/thread-self/root/proc/self/root/proc/self/root/proc/thread-self/root/proc/self/root/proc/thread-self/root/proc/self/root/proc/self/root/usr/lib/.build-id/fb HTTP/2.0" 200 3257 "-" "Mozilla/5.0 AppleWebKit/537.36 (KHTML, like Gecko; compatible; GPTBot/1.3; +https://openai.com/gptbot)" 1109 **1/1109805**
192.178.6.68 - - [07/Jan/2026:05:16:29 -0700] "GET /?e=12975443h043i HTTP/1.1" 200 15920 "-" "Mozilla/5.0 (Linux; Android 6.0.1; Nexus 5X Build/MMB29P) AppleWebKit/537.36 (KHTML, like Gecko) Chrome/143.0.7499.169 Mobile Safari/537.36 (compatible; Googlebot/2.1; +http://www.google.com/bot.html)" 1041 **1/1041614**
74.7.241.21 - - [07/Jan/2026:05:16:29 -0700] "GET /?path=//proc/self/root/proc/thread-self/root/proc/thread-self/root/proc/thread-self/root/proc/self/root/proc/self/root/proc/thread-self/root/proc/self/root/proc/thread-self/root/proc/self/root/proc/self/root/usr/lib/.build-id/fc HTTP/2.0" 200 3383 "-" "Mozilla/5.0 AppleWebKit/537.36 (KHTML, like Gecko; compatible; GPTBot/1.3; +https://openai.com/gptbot)" 1119 **1/1119005**
192.178.6.100 - - [07/Jan/2026:05:16:27 -0700] "GET /?e=54180945i9cbd HTTP/1.1" 200 16143 "-" "Mozilla/5.0 (Linux; Android 6.0.1; Nexus 5X Build/MMB29P) AppleWebKit/537.36 (KHTML, like Gecko) Chrome/143.0.7499.169 Mobile Safari/537.36 (compatible; Googlebot/2.1; +http://www.google.com/bot.html)" 2844 **2/2844224**
74.7.241.21 - - [07/Jan/2026:05:16:30 -0700] "GET /?path=//proc/self/root/proc/thread-self/root/proc/thread-self/root/proc/thread-self/root/proc/self/root/proc/self/root/proc/thread-self/root/proc/self/root/proc/thread-self/root/proc/self/root/proc/self/root/usr/lib/.build-id/ea HTTP/2.0" 200 3594 "-" "Mozilla/5.0 AppleWebKit/537.36 (KHTML, like Gecko; compatible; GPTBot/1.3; +https://openai.com/gptbot)" 1095 **1/1095814**
192.178.6.100 - - [07/Jan/2026:05:16:31 -0700] "GET /?v=colour-499175224 HTTP/1.1" 200 15408 "-" "Mozilla/5.0 (Linux; Android 6.0.1; Nexus 5X Build/MMB29P) AppleWebKit/537.36 (KHTML, like Gecko) Chrome/143.0.7499.169 Mobile Safari/537.36 (compatible; Googlebot/2.1; +http://www.google.com/bot.html)" 964 **0/964977**
192.178.6.99 - - [07/Jan/2026:05:16:32 -0700] "GET /?s=5725645031760 HTTP/1.1" 200 15925 "-" "Mozilla/5.0 (Linux; Android 6.0.1; Nexus 5X Build/MMB29P) AppleWebKit/537.36 (KHTML, like Gecko) Chrome/143.0.7499.169 Mobile Safari/537.36 (compatible; Googlebot/2.1; +http://www.google.com/bot.html)" 961 **0/961259**
74.7.241.21 - - [07/Jan/2026:05:16:32 -0700] "GET /?path=//proc/self/root/proc/thread-self/root/proc/thread-self/root/proc/thread-self/root/proc/self/root/proc/self/root/proc/thread-self/root/proc/self/root/proc/thread-self/root/proc/self/root/proc/self/root/usr/lib/.build-id/fd HTTP/2.0" 200 3311 "-" "Mozilla/5.0 AppleWebKit/537.36 (KHTML, like Gecko; compatible; GPTBot/1.3; +https://openai.com/gptbot)" 1385 **1/1385678**
192.178.6.99 - - [07/Jan/2026:05:16:33 -0700] "GET /?e=1351349ab75e7 HTTP/1.1" 200 15762 "-" "Mozilla/5.0 (Linux; Android 6.0.1; Nexus 5X Build/MMB29P) AppleWebKit/537.36 (KHTML, like Gecko) Chrome/143.0.7499.169 Mobile Safari/537.36 (compatible; Googlebot/2.1; +http://www.google.com/bot.html)" 958 **0/958608**
74.7.241.21 - - [07/Jan/2026:05:16:33 -0700] "GET /?path=//proc/self/root/proc/thread-self/root/proc/thread-self/root/proc/thread-self/root/proc/self/root/proc/self/root/proc/thread-self/root/proc/self/root/proc/thread-self/root/proc/self/root/proc/self/root/usr/lib/.build-id/dc HTTP/2.0" 200 3116 "-" "Mozilla/5.0 AppleWebKit/537.36 (KHTML, like Gecko; compatible; GPTBot/1.3; +https://openai.com/gptbot)" 1083 **1/1083852**
192.178.6.68 - - [07/Jan/2026:05:16:34 -0700] "GET /?e=2165908342363 HTTP/1.1" 200 15908 "-" "Mozilla/5.0 (Linux; Android 6.0.1; Nexus 5X Build/MMB29P) AppleWebKit/537.36 (KHTML, like Gecko) Chrome/143.0.7499.169 Mobile Safari/537.36 (compatible; Googlebot/2.1; +http://www.google.com/bot.html)" 929 **0/929470**
74.7.241.21 - - [07/Jan/2026:05:16:34 -0700] "GET /?path=//proc/self/root/proc/thread-self/root/proc/thread-self/root/proc/thread-self/root/proc/self/root/proc/self/root/proc/thread-self/root/proc/self/root/proc/thread-self/root/proc/self/root/proc/self/root/usr/lib/.build-id/cc HTTP/2.0" 200 3374 "-" "Mozilla/5.0 AppleWebKit/537.36 (KHTML, like Gecko; compatible; GPTBot/1.3; +https://openai.com/gptbot)" 1060 **1/1060683**
74.7.241.21 - - [07/Jan/2026:05:16:36 -0700] "GET /?path=//proc/self/root/proc/thread-self/root/proc/thread-self/root/proc/thread-self/root/proc/self/root/proc/self/root/proc/thread-self/root/proc/self/root/proc/thread-self/root/proc/self/root/proc/self/root/usr/lib/.build-id/ed HTTP/2.0" 200 3018 "-" "Mozilla/5.0 AppleWebKit/537.36 (KHTML, like Gecko; compatible; GPTBot/1.3; +https://openai.com/gptbot)" 1085 **1/1085887**
192.178.6.99 - - [07/Jan/2026:05:16:37 -0700] "GET /?v=colour-114124624 HTTP/1.1" 200 15396 "-" "Mozilla/5.0 (Linux; Android 6.0.1; Nexus 5X Build/MMB29P) AppleWebKit/537.36 (KHTML, like Gecko) Chrome/143.0.7499.169 Mobile Safari/537.36 (compatible; Googlebot/2.1; +http://www.google.com/bot.html)" 987 **0/987325**
74.7.241.21 - - [07/Jan/2026:05:16:37 -0700] "GET /?path=//proc/self/root/proc/thread-self/root/proc/thread-self/root/proc/thread-self/root/proc/self/root/proc/self/root/proc/thread-self/root/proc/self/root/proc/thread-self/root/proc/self/root/proc/self/root/usr/lib/.build-id/cb HTTP/2.0" 200 3331 "-" "Mozilla/5.0 AppleWebKit/537.36 (KHTML, like Gecko; compatible; GPTBot/1.3; +https://openai.com/gptbot)" 1111 **1/1111259**
192.178.6.99 - - [07/Jan/2026:05:16:38 -0700] "GET /?e=547890926e2b HTTP/1.1" 200 15660 "-" "Mozilla/5.0 (Linux; Android 6.0.1; Nexus 5X Build/MMB29P) AppleWebKit/537.36 (KHTML, like Gecko) Chrome/143.0.7499.169 Mobile Safari/537.36 (compatible; Googlebot/2.1; +http://www.google.com/bot.html)" 986 **0/986147**
57.141.14.3 - - [07/Jan/2026:05:16:38 -0700] "GET /?fileloc=//lib64/libtdsS.so.2.0.0&path=//lib64 HTTP/2.0" 200 12260 "-" "meta-externalagent/1.1 (+https://developers.facebook.com/docs/sharing/webmasters/crawler)" 1047 **1/1047845**
74.7.241.21 - - [07/Jan/2026:05:16:38 -0700] "GET /?path=//proc/self/root/proc/thread-self/root/proc/thread-self/root/proc/thread-self/root/proc/self/root/proc/self/root/proc/thread-self/root/proc/self/root/proc/thread-self/root/proc/self/root/proc/self/root/usr/lib/.build-id/ee HTTP/2.0" 200 3378 "-" "Mozilla/5.0 AppleWebKit/537.36 (KHTML, like Gecko; compatible; GPTBot/1.3; +https://openai.com/gptbot)" 1033 **1/1033205**
74.7.241.21 - - [07/Jan/2026:05:16:40 -0700] "GET /?path=//proc/self/root/proc/thread-self/root/proc/thread-self/root/proc/thread-self/root/proc/self/root/proc/self/root/proc/thread-self/root/proc/self/root/proc/thread-self/root/proc/self/root/proc/self/root/usr/lib/.build-id/ce HTTP/2.0" 200 3553 "-" "Mozilla/5.0 AppleWebKit/537.36 (KHTML, like Gecko; compatible; GPTBot/1.3; +https://openai.com/gptbot)" 1086 **1/1086568**
74.7.241.21 - - [07/Jan/2026:05:16:41 -0700] "GET /?path=//proc/self/root/proc/thread-self/root/proc/thread-self/root/proc/thread-self/root/proc/self/root/proc/self/root/proc/thread-self/root/proc/self/root/proc/thread-self/root/proc/self/root/proc/self/root/usr/lib/.build-id/fe HTTP/2.0" 200 3336 "-" "Mozilla/5.0 AppleWebKit/537.36 (KHTML, like Gecko; compatible; GPTBot/1.3; +https://openai.com/gptbot)" 1185 **1/1185354**
192.178.6.68 - - [07/Jan/2026:05:16:41 -0700] "GET /?e=34529224360d5 HTTP/1.1" 200 15707 "-" "Mozilla/5.0 (Linux; Android 6.0.1; Nexus 5X Build/MMB29P) AppleWebKit/537.36 (KHTML, like Gecko) Chrome/143.0.7499.169 Mobile Safari/537.36 (compatible; Googlebot/2.1; +http://www.google.com/bot.html)" 1158 **1/1158618**
74.7.241.21 - - [07/Jan/2026:05:16:43 -0700] "GET /?path=//proc/self/root/proc/thread-self/root/proc/thread-self/root/proc/thread-self/root/proc/self/root/proc/self/root/proc/thread-self/root/proc/self/root/proc/thread-self/root/proc/self/root/proc/self/root/usr/lib/.build-id/dd HTTP/2.0" 200 3269 "-" "Mozilla/5.0 AppleWebKit/537.36 (KHTML, like Gecko; compatible; GPTBot/1.3; +https://openai.com/gptbot)" 1159 **1/1159856**
192.178.6.100 - - [07/Jan/2026:05:16:44 -0700] "GET /?v=colour-205770524 HTTP/1.1" 200 15958 "-" "Mozilla/5.0 (Linux; Android 6.0.1; Nexus 5X Build/MMB29P) AppleWebKit/537.36 (KHTML, like Gecko) Chrome/143.0.7499.169 Mobile Safari/537.36 (compatible; Googlebot/2.1; +http://www.google.com/bot.html)" 1132 **1/1132040**
74.7.241.21 - - [07/Jan/2026:05:16:44 -0700] "GET /?path=//proc/self/root/proc/thread-self/root/proc/thread-self/root/proc/thread-self/root/proc/self/root/proc/self/root/proc/thread-self/root/proc/self/root/proc/thread-self/root/proc/self/root/proc/self/root/usr/lib/.build-id/ef HTTP/2.0" 200 3510 "-" "Mozilla/5.0 AppleWebKit/537.36 (KHTML, like Gecko; compatible; GPTBot/1.3; +https://openai.com/gptbot)" 1154 **1/1154716**
192.178.6.99 - - [07/Jan/2026:05:16:45 -0700] "GET /?e=7276550260ca HTTP/1.1" 200 15570 "-" "Mozilla/5.0 (Linux; Android 6.0.1; Nexus 5X Build/MMB29P) AppleWebKit/537.36 (KHTML, like Gecko) Chrome/143.0.7499.169 Mobile Safari/537.36 (compatible; Googlebot/2.1; +http://www.google.com/bot.html)" 1047 **1/1047677**
192.178.6.100 - - [07/Jan/2026:05:16:45 -0700] "GET /?v=colour-325231724 HTTP/1.1" 200 15745 "-" "Mozilla/5.0 (Linux; Android 6.0.1; Nexus 5X Build/MMB29P) AppleWebKit/537.36 (KHTML, like Gecko) Chrome/143.0.7499.169 Mobile Safari/537.36 (compatible; Googlebot/2.1; +http://www.google.com/bot.html)" 965 **0/965152**
74.7.241.21 - - [07/Jan/2026:05:16:45 -0700] "GET /?path=//proc/self/root/proc/thread-self/root/proc/thread-self/root/proc/thread-self/root/proc/self/root/proc/self/root/proc/thread-self/root/proc/self/root/proc/thread-self/root/proc/self/root/proc/self/root/usr/lib/.build-id/fa HTTP/2.0" 200 3705 "-" "Mozilla/5.0 AppleWebKit/537.36 (KHTML, like Gecko; compatible; GPTBot/1.3; +https://openai.com/gptbot)" 1044 **1/1044346**
192.178.6.68 - - [07/Jan/2026:05:16:46 -0700] "GET /?e=214009160d3gh HTTP/1.1" 200 15586 "-" "Mozilla/5.0 (Linux; Android 6.0.1; Nexus 5X Build/MMB29P) AppleWebKit/537.36 (KHTML, like Gecko) Chrome/143.0.7499.169 Mobile Safari/537.36 (compatible; Googlebot/2.1; +http://www.google.com/bot.html)" 965 **0/965902**
192.178.6.99 - - [07/Jan/2026:05:16:47 -0700] "GET /?e=2091422cce5dj HTTP/1.1" 200 15455 "-" "Mozilla/5.0 (Linux; Android 6.0.1; Nexus 5X Build/MMB29P) AppleWebKit/537.36 (KHTML, like Gecko) Chrome/143.0.7499.169 Mobile Safari/537.36 (compatible; Googlebot/2.1; +http://www.google.com/bot.html)" 952 **0/952588**
74.7.241.21 - - [07/Jan/2026:05:16:47 -0700] "GET /?path=//proc/self/root/proc/thread-self/root/proc/thread-self/root/proc/thread-self/root/proc/self/root/proc/self/root/proc/thread-self/root/proc/self/root/proc/thread-self/root/proc/self/root/proc/self/root/usr/lib/.build-id/ac HTTP/2.0" 200 3508 "-" "Mozilla/5.0 AppleWebKit/537.36 (KHTML, like Gecko; compatible; GPTBot/1.3; +https://openai.com/gptbot)" 1064 **1/1064678**
192.178.6.100 - - [07/Jan/2026:05:16:48 -0700] "GET /?v=colour-349873624 HTTP/1.1" 200 15453 "-" "Mozilla/5.0 (Linux; Android 6.0.1; Nexus 5X Build/MMB29P) AppleWebKit/537.36 (KHTML, like Gecko) Chrome/143.0.7499.169 Mobile Safari/537.36 (compatible; Googlebot/2.1; +http://www.google.com/bot.html)" 1009 **1/1009015**
74.7.241.21 - - [07/Jan/2026:05:16:48 -0700] "GET /?path=//proc/self/root/proc/thread-self/root/proc/thread-self/root/proc/thread-self/root/proc/self/root/proc/self/root/proc/thread-self/root/proc/self/root/proc/thread-self/root/proc/self/root/proc/self/root/usr/lib/.build-id/eb HTTP/2.0" 200 3416 "-" "Mozilla/5.0 AppleWebKit/537.36 (KHTML, like Gecko; compatible; GPTBot/1.3; +https://openai.com/gptbot)" 1084 **1/1084162**
192.178.6.100 - - [07/Jan/2026:05:16:49 -0700] "GET /?v=colour-65932724 HTTP/1.1" 200 16037 "-" "Mozilla/5.0 (Linux; Android 6.0.1; Nexus 5X Build/MMB29P) AppleWebKit/537.36 (KHTML, like Gecko) Chrome/143.0.7499.169 Mobile Safari/537.36 (compatible; Googlebot/2.1; +http://www.google.com/bot.html)" 951 **0/951535**
192.178.6.99 - - [07/Jan/2026:05:16:49 -0700] "GET /?v=colour-260627124 HTTP/1.1" 200 15371 "-" "Mozilla/5.0 (Linux; Android 6.0.1; Nexus 5X Build/MMB29P) AppleWebKit/537.36 (KHTML, like Gecko) Chrome/143.0.7499.169 Mobile Safari/537.36 (compatible; Googlebot/2.1; +http://www.google.com/bot.html)" 1033 **1/1033039**
74.7.241.21 - - [07/Jan/2026:05:16:50 -0700] "GET /?path=//proc/self/root/proc/thread-self/root/proc/thread-self/root/proc/thread-self/root/proc/self/root/proc/self/root/proc/thread-self/root/proc/self/root/proc/thread-self/root/proc/self/root/proc/self/root/usr/lib/.build-id/db HTTP/2.0" 200 3378 "-" "Mozilla/5.0 AppleWebKit/537.36 (KHTML, like Gecko; compatible; GPTBot/1.3; +https://openai.com/gptbot)" 1176 **1/1176127**
192.178.6.100 - - [07/Jan/2026:05:16:50 -0700] "GET /?e=339045955b1i1 HTTP/1.1" 200 15939 "-" "Mozilla/5.0 (Linux; Android 6.0.1; Nexus 5X Build/MMB29P) AppleWebKit/537.36 (KHTML, like Gecko) Chrome/143.0.7499.169 Mobile Safari/537.36 (compatible; Googlebot/2.1; +http://www.google.com/bot.html)" 941 **0/941378**
74.7.241.21 - - [07/Jan/2026:05:16:51 -0700] "GET /?path=//proc/self/root/proc/thread-self/root/proc/thread-self/root/proc/thread-self/root/proc/self/root/proc/self/root/proc/thread-self/root/proc/self/root/proc/thread-self/root/proc/self/root/proc/self/root/usr/lib/.build-id/bf HTTP/2.0" 200 3315 "-" "Mozilla/5.0 AppleWebKit/537.36 (KHTML, like Gecko; compatible; GPTBot/1.3; +https://openai.com/gptbot)" 1114 **1/1114315**
192.178.6.101 - - [07/Jan/2026:05:16:52 -0700] "GET /?v=colour-487860424 HTTP/1.1" 200 15845 "-" "Mozilla/5.0 (Linux; Android 6.0.1; Nexus 5X Build/MMB29P) AppleWebKit/537.36 (KHTML, like Gecko) Chrome/143.0.7499.169 Mobile Safari/537.36 (compatible; Googlebot/2.1; +http://www.google.com/bot.html)" 903 **0/903138**
74.7.241.21 - - [07/Jan/2026:05:16:52 -0700] "GET /?path=//proc/self/root/proc/thread-self/root/proc/thread-self/root/proc/thread-self/root/proc/self/root/proc/self/root/proc/thread-self/root/proc/self/root/proc/thread-self/root/proc/self/root/proc/self/root/usr/lib/.build-id/de HTTP/2.0" 200 3209 "-" "Mozilla/5.0 AppleWebKit/537.36 (KHTML, like Gecko; compatible; GPTBot/1.3; +https://openai.com/gptbot)" 1092 **1/1092666**
74.7.241.21 - - [07/Jan/2026:05:16:54 -0700] "GET /?path=//proc/self/root/proc/thread-self/root/proc/thread-self/root/proc/thread-self/root/proc/self/root/proc/self/root/proc/thread-self/root/proc/self/root/proc/thread-self/root/proc/self/root/proc/self/root/usr/lib/.build-id/ae HTTP/2.0" 200 3510 "-" "Mozilla/5.0 AppleWebKit/537.36 (KHTML, like Gecko; compatible; GPTBot/1.3; +https://openai.com/gptbot)" 2064 **2/2064518**
74.7.241.21 - - [07/Jan/2026:05:16:56 -0700] "GET /?path=//proc/self/root/proc/thread-self/root/proc/thread-self/root/proc/thread-self/root/proc/self/root/proc/self/root/proc/thread-self/root/proc/self/root/proc/thread-self/root/proc/self/root/proc/self/root/usr/lib/.build-id/bb HTTP/2.0" 200 3402 "-" "Mozilla/5.0 AppleWebKit/537.36 (KHTML, like Gecko; compatible; GPTBot/1.3; +https://openai.com/gptbot)" 1080 **1/1080122**
192.178.6.101 - - [07/Jan/2026:05:16:56 -0700] "GET /?e=5423513f376c HTTP/1.1" 200 15713 "-" "Mozilla/5.0 (Linux; Android 6.0.1; Nexus 5X Build/MMB29P) AppleWebKit/537.36 (KHTML, like Gecko) Chrome/143.0.7499.169 Mobile Safari/537.36 (compatible; Googlebot/2.1; +http://www.google.com/bot.html)" 908 **0/908592**
74.7.241.21 - - [07/Jan/2026:05:16:58 -0700] "GET /?path=//proc/self/root/proc/thread-self/root/proc/thread-self/root/proc/thread-self/root/proc/self/root/proc/self/root/proc/thread-self/root/proc/self/root/proc/thread-self/root/proc/self/root/proc/self/root/usr/lib/.build-id/cf HTTP/2.0" 200 3304 "-" "Mozilla/5.0 AppleWebKit/537.36 (KHTML, like Gecko; compatible; GPTBot/1.3; +https://openai.com/gptbot)" 1102 **1/1102131**
192.178.6.99 - - [07/Jan/2026:05:16:58 -0700] "GET /?v=colour-13085324 HTTP/1.1" 200 15295 "-" "Mozilla/5.0 (Linux; Android 6.0.1; Nexus 5X Build/MMB29P) AppleWebKit/537.36 (KHTML, like Gecko) Chrome/143.0.7499.169 Mobile Safari/537.36 (compatible; Googlebot/2.1; +http://www.google.com/bot.html)" 914 **0/914608**
192.178.6.99 - - [07/Jan/2026:05:16:58 -0700] "GET /?v=colour-23157524 HTTP/1.1" 200 15621 "-" "Mozilla/5.0 (Linux; Android 6.0.1; Nexus 5X Build/MMB29P) AppleWebKit/537.36 (KHTML, like Gecko) Chrome/143.0.7499.169 Mobile Safari/537.36 (compatible; Googlebot/2.1; +http://www.google.com/bot.html)" 967 **0/967197**
74.7.241.21 - - [07/Jan/2026:05:16:59 -0700] "GET /?path=//proc/self/root/proc/thread-self/root/proc/thread-self/root/proc/thread-self/root/proc/self/root/proc/self/root/proc/thread-self/root/proc/self/root/proc/thread-self/root/proc/self/root/proc/self/root/usr/lib/.build-id/af HTTP/2.0" 200 3309 "-" "Mozilla/5.0 AppleWebKit/537.36 (KHTML, like Gecko; compatible; GPTBot/1.3; +https://openai.com/gptbot)" 1088 **1/1088326**
192.178.6.99 - - [07/Jan/2026:05:17:00 -0700] "GET /?e=4816359fe3d1f HTTP/1.1" 200 15517 "-" "Mozilla/5.0 (Linux; Android 6.0.1; Nexus 5X Build/MMB29P) AppleWebKit/537.36 (KHTML, like Gecko) Chrome/143.0.7499.169 Mobile Safari/537.36 (compatible; Googlebot/2.1; +http://www.google.com/bot.html)" 951 **0/951629**
192.178.6.99 - - [07/Jan/2026:05:17:00 -0700] "GET /?e=499092189dhdh HTTP/1.1" 200 15845 "-" "Mozilla/5.0 (Linux; Android 6.0.1; Nexus 5X Build/MMB29P) AppleWebKit/537.36 (KHTML, like Gecko) Chrome/143.0.7499.169 Mobile Safari/537.36 (compatible; Googlebot/2.1; +http://www.google.com/bot.html)" 1423 **1/1423802**
74.7.241.21 - - [07/Jan/2026:05:17:00 -0700] "GET /?path=//proc/self/root/proc/thread-self/root/proc/thread-self/root/proc/thread-self/root/proc/self/root/proc/self/root/proc/thread-self/root/proc/self/root/proc/thread-self/root/proc/self/root/proc/self/root/usr/lib/.build-id/be HTTP/2.0" 200 3159 "-" "Mozilla/5.0 AppleWebKit/537.36 (KHTML, like Gecko; compatible; GPTBot/1.3; +https://openai.com/gptbot)" 1211 **1/1211497**
192.178.6.100 - - [07/Jan/2026:05:17:02 -0700] "GET /?v=la-tiendita-de-voli-275551724 HTTP/1.1" 200 15560 "-" "Mozilla/5.0 (Linux; Android 6.0.1; Nexus 5X Build/MMB29P) AppleWebKit/537.36 (KHTML, like Gecko) Chrome/143.0.7499.169 Mobile Safari/537.36 (compatible; Googlebot/2.1; +http://www.google.com/bot.html)" 950 **0/950772**
74.7.241.21 - - [07/Jan/2026:05:17:02 -0700] "GET /?path=//proc/self/root/proc/thread-self/root/proc/thread-self/root/proc/thread-self/root/proc/self/root/proc/self/root/proc/thread-self/root/proc/self/root/proc/thread-self/root/proc/self/root/proc/self/root/usr/lib/.build-id/bc HTTP/2.0" 200 3261 "-" "Mozilla/5.0 AppleWebKit/537.36 (KHTML, like Gecko; compatible; GPTBot/1.3; +https://openai.com/gptbot)" 1124 **1/1124563**
74.7.241.21 - - [07/Jan/2026:05:17:03 -0700] "GET /?path=//proc/self/root/proc/thread-self/root/proc/thread-self/root/proc/thread-self/root/proc/self/root/proc/self/root/proc/thread-self/root/proc/self/root/proc/thread-self/root/proc/self/root/proc/self/root/usr/lib/.build-id/cd HTTP/2.0" 200 3453 "-" "Mozilla/5.0 AppleWebKit/537.36 (KHTML, like Gecko; compatible; GPTBot/1.3; +https://openai.com/gptbot)" 1096 **1/1096559**
114.119.129.113 - - [07/Jan/2026:05:17:04 -0700] "GET /radcred-product-reviews-signature-loans-to-have/?fileloc=/home/bpw3460lz1vy/public_html/wp-admin/plugins.php&path=/home/bpw3460lz1vy/public_html/wp-admin HTTP/1.1" 200 - "https://www.veronaae.com/radcred-product-reviews-signature-loans-to-have/?path=/home/bpw3460lz1vy/public_html/wp-admin" "Mozilla/5.0 (Linux; Android 7.0;) AppleWebKit/537.36 (KHTML, like Gecko) Mobile Safari/537.36 (compatible; PetalBot;+https://webmaster.petalsearch.com/site/petalbot)" 489 **0/489850**
192.178.6.100 - - [07/Jan/2026:05:17:04 -0700] "GET /?e=4278001a6d2ge HTTP/1.1" 200 15315 "-" "Mozilla/5.0 (Linux; Android 6.0.1; Nexus 5X Build/MMB29P) AppleWebKit/537.36 (KHTML, like Gecko) Chrome/143.0.7499.169 Mobile Safari/537.36 (compatible; Googlebot/2.1; +http://www.google.com/bot.html)" 948 **0/948778**
192.178.6.100 - - [07/Jan/2026:05:17:04 -0700] "GET /?v=la-to-chicago-1s-275552024 HTTP/1.1" 200 15398 "-" "Mozilla/5.0 (Linux; Android 6.0.1; Nexus 5X Build/MMB29P) AppleWebKit/537.36 (KHTML, like Gecko) Chrome/143.0.7499.169 Mobile Safari/537.36 (compatible; Googlebot/2.1; +http://www.google.com/bot.html)" 951 **0/951826**
74.7.241.21 - - [07/Jan/2026:05:17:05 -0700] "GET /?path=//proc/self/root/proc/thread-self/root/proc/thread-self/root/proc/thread-self/root/proc/self/root/proc/self/root/proc/thread-self/root/proc/self/root/proc/thread-self/root/proc/self/root/proc/self/root/usr/lib/.build-id/df HTTP/2.0" 200 3381 "-" "Mozilla/5.0 AppleWebKit/537.36 (KHTML, like Gecko; compatible; GPTBot/1.3; +https://openai.com/gptbot)" 1111 **1/1111953**
74.7.241.21 - - [07/Jan/2026:05:17:06 -0700] "GET /?fileloc=//proc/self/root/proc/thread-self/root/proc/thread-self/root/proc/thread-self/root/proc/self/root/proc/self/root/proc/thread-self/root/proc/self/root/proc/thread-self/root/proc/self/root/proc/sys/user/max_cgroup_namespaces&path=//proc/self/root/proc/thread-self/root/proc/thread-self/root/proc/thread-self/root/proc/self/root/proc/self/root/proc/thread-self/root/proc/self/root/proc/thread-self/root/proc/self/root/proc/sys/user HTTP/2.0" 200 2438 "-" "Mozilla/5.0 AppleWebKit/537.36 (KHTML, like Gecko; compatible; GPTBot/1.3; +https://openai.com/gptbot)" 1089 **1/1089231**
192.178.6.99 - - [07/Jan/2026:05:17:06 -0700] "GET /?e=8304372eg9f0 HTTP/1.1" 200 15606 "-" "Mozilla/5.0 (Linux; Android 6.0.1; Nexus 5X Build/MMB29P) AppleWebKit/537.36 (KHTML, like Gecko) Chrome/143.0.7499.169 Mobile Safari/537.36 (compatible; Googlebot/2.1; +http://www.google.com/bot.html)" 946 **0/946775**
74.7.241.21 - - [07/Jan/2026:05:17:07 -0700] "GET /?fileloc=//proc/self/root/proc/thread-self/root/proc/thread-self/root/proc/thread-self/root/proc/self/root/proc/self/root/proc/thread-self/root/proc/self/root/proc/thread-self/root/proc/self/root/proc/sys/user/max_uts_namespaces&path=//proc/self/root/proc/thread-self/root/proc/thread-self/root/proc/thread-self/root/proc/self/root/proc/self/root/proc/thread-self/root/proc/self/root/proc/thread-self/root/proc/self/root/proc/sys/user HTTP/2.0" 200 2438 "-" "Mozilla/5.0 AppleWebKit/537.36 (KHTML, like Gecko; compatible; GPTBot/1.3; +https://openai.com/gptbot)" 1047 **1/1047547**
74.7.241.21 - - [07/Jan/2026:05:17:09 -0700] "GET /?fileloc=//proc/self/root/proc/thread-self/root/proc/thread-self/root/proc/thread-self/root/proc/self/root/proc/self/root/proc/thread-self/root/proc/self/root/proc/thread-self/root/proc/self/root/proc/sys/user/max_inotify_watches&path=//proc/self/root/proc/thread-self/root/proc/thread-self/root/proc/thread-self/root/proc/self/root/proc/self/root/proc/thread-self/root/proc/self/root/proc/thread-self/root/proc/self/root/proc/sys/user HTTP/2.0" 200 2440 "-" "Mozilla/5.0 AppleWebKit/537.36 (KHTML, like Gecko; compatible; GPTBot/1.3; +https://openai.com/gptbot)" 1109 **1/1109578**
192.178.6.99 - - [07/Jan/2026:05:17:09 -0700] "GET /?v=colour-80684924 HTTP/1.1" 200 15615 "-" "Mozilla/5.0 (Linux; Android 6.0.1; Nexus 5X Build/MMB29P) AppleWebKit/537.36 (KHTML, like Gecko) Chrome/143.0.7499.169 Mobile Safari/537.36 (compatible; Googlebot/2.1; +http://www.google.com/bot.html)" 978 **0/978153**
74.7.241.21 - - [07/Jan/2026:05:17:10 -0700] "GET /?fileloc=//proc/self/root/proc/thread-self/root/proc/thread-self/root/proc/thread-self/root/proc/self/root/proc/self/root/proc/thread-self/root/proc/self/root/proc/thread-self/root/proc/self/root/proc/sys/user/max_mnt_namespaces&path=//proc/self/root/proc/thread-self/root/proc/thread-self/root/proc/thread-self/root/proc/self/root/proc/self/root/proc/thread-self/root/proc/self/root/proc/thread-self/root/proc/self/root/proc/sys/user HTTP/2.0" 200 2438 "-" "Mozilla/5.0 AppleWebKit/537.36 (KHTML, like Gecko; compatible; GPTBot/1.3; +https://openai.com/gptbot)" 1058 **1/1058568**
192.178.6.99 - - [07/Jan/2026:05:17:10 -0700] "GET /?e=40168246a8gf2 HTTP/1.1" 200 15889 "-" "Mozilla/5.0 (Linux; Android 6.0.1; Nexus 5X Build/MMB29P) AppleWebKit/537.36 (KHTML, like Gecko) Chrome/143.0.7499.169 Mobile Safari/537.36 (compatible; Googlebot/2.1; +http://www.google.com/bot.html)" 950 **0/950825**
74.7.241.21 - - [07/Jan/2026:05:17:11 -0700] "GET /?fileloc=//proc/self/root/proc/thread-self/root/proc/thread-self/root/proc/thread-self/root/proc/self/root/proc/self/root/proc/thread-self/root/proc/self/root/proc/thread-self/root/proc/self/root/proc/sys/user/max_inotify_instances&path=//proc/self/root/proc/thread-self/root/proc/thread-self/root/proc/thread-self/root/proc/self/root/proc/self/root/proc/thread-self/root/proc/self/root/proc/thread-self/root/proc/self/root/proc/sys/user HTTP/2.0" 200 2440 "-" "Mozilla/5.0 AppleWebKit/537.36 (KHTML, like Gecko; compatible; GPTBot/1.3; +https://openai.com/gptbot)" 1035 **1/1035971**
74.7.230.12 - - [07/Jan/2026:05:17:12 -0700] "GET /robots.txt HTTP/2.0" 200 1 "-" "Mozilla/5.0 (Macintosh; Intel Mac OS X 10_15_7) AppleWebKit/537.36 (KHTML, like Gecko) Chrome/131.0.0.0 Safari/537.36; compatible; OAI-SearchBot/1.3; robots.txt; +https://openai.com/searchbot" 466 **0/466153**
74.7.241.21 - - [07/Jan/2026:05:17:13 -0700] "GET /?fileloc=//proc/self/root/proc/thread-self/root/proc/thread-self/root/proc/thread-self/root/proc/self/root/proc/self/root/proc/thread-self/root/proc/self/root/proc/thread-self/root/proc/self/root/proc/sys/user/max_pid_namespaces&path=//proc/self/root/proc/thread-self/root/proc/thread-self/root/proc/thread-self/root/proc/self/root/proc/self/root/proc/thread-self/root/proc/self/root/proc/thread-self/root/proc/self/root/proc/sys/user HTTP/2.0" 200 2436 "-" "Mozilla/5.0 AppleWebKit/537.36 (KHTML, like Gecko; compatible; GPTBot/1.3; +https://openai.com/gptbot)" 2238 **2/2238899**
192.178.6.99 - - [07/Jan/2026:05:17:14 -0700] "GET /?v=colour-388428924 HTTP/1.1" 200 15719 "-" "Mozilla/5.0 (Linux; Android 6.0.1; Nexus 5X Build/MMB29P) AppleWebKit/537.36 (KHTML, like Gecko) Chrome/143.0.7499.169 Mobile Safari/537.36 (compatible; Googlebot/2.1; +http://www.google.com/bot.html)" 2667 **2/2667778**
74.7.241.21 - - [07/Jan/2026:05:17:15 -0700] "GET /?fileloc=//proc/self/root/proc/thread-self/root/proc/thread-self/root/proc/thread-self/root/proc/self/root/proc/self/root/proc/thread-self/root/proc/self/root/proc/thread-self/root/proc/self/root/proc/sys/user/max_time_namespaces&path=//proc/self/root/proc/thread-self/root/proc/thread-self/root/proc/thread-self/root/proc/self/root/proc/self/root/proc/thread-self/root/proc/self/root/proc/thread-self/root/proc/self/root/proc/sys/user HTTP/2.0" 200 2438 "-" "Mozilla/5.0 AppleWebKit/537.36 (KHTML, like Gecko; compatible; GPTBot/1.3; +https://openai.com/gptbot)" 1085 **1/1085954**
192.178.6.99 - - [07/Jan/2026:05:17:12 -0700] "GET /?v=colour-1650554 HTTP/1.1" 200 16188 "-" "Mozilla/5.0 (Linux; Android 6.0.1; Nexus 5X Build/MMB29P) AppleWebKit/537.36 (KHTML, like Gecko) Chrome/143.0.7499.169 Mobile Safari/537.36 (compatible; Googlebot/2.1; +http://www.google.com/bot.html)" 5833 **5/5833640**
192.178.6.99 - - [07/Jan/2026:05:17:17 -0700] "GET /?e=39363154hj618 HTTP/1.1" 200 15678 "-" "Mozilla/5.0 (Linux; Android 6.0.1; Nexus 5X Build/MMB29P) AppleWebKit/537.36 (KHTML, like Gecko) Chrome/143.0.7499.169 Mobile Safari/537.36 (compatible; Googlebot/2.1; +http://www.google.com/bot.html)" 895 **0/895960**
74.7.241.21 - - [07/Jan/2026:05:17:17 -0700] "GET /?fileloc=//proc/self/root/proc/thread-self/root/proc/thread-self/root/proc/thread-self/root/proc/self/root/proc/self/root/proc/thread-self/root/proc/self/root/proc/thread-self/root/proc/self/root/proc/sys/user/max_ipc_namespaces&path=//proc/self/root/proc/thread-self/root/proc/thread-self/root/proc/thread-self/root/proc/self/root/proc/self/root/proc/thread-self/root/proc/self/root/proc/thread-self/root/proc/self/root/proc/sys/user HTTP/2.0" 200 2436 "-" "Mozilla/5.0 AppleWebKit/537.36 (KHTML, like Gecko; compatible; GPTBot/1.3; +https://openai.com/gptbot)" 1050 **1/1050372**
192.178.6.99 - - [07/Jan/2026:05:17:18 -0700] "GET /?v=colour-122919924 HTTP/1.1" 200 15764 "-" "Mozilla/5.0 (Linux; Android 6.0.1; Nexus 5X Build/MMB29P) AppleWebKit/537.36 (KHTML, like Gecko) Chrome/143.0.7499.169 Mobile Safari/537.36 (compatible; Googlebot/2.1; +http://www.google.com/bot.html)" 1065 **1/1065584**
74.7.241.21 - - [07/Jan/2026:05:17:18 -0700] "GET /?fileloc=//proc/self/root/proc/thread-self/root/proc/thread-self/root/proc/thread-self/root/proc/self/root/proc/self/root/proc/thread-self/root/proc/self/root/proc/thread-self/root/proc/self/root/proc/sys/user/max_net_namespaces&path=//proc/self/root/proc/thread-self/root/proc/thread-self/root/proc/thread-self/root/proc/self/root/proc/self/root/proc/thread-self/root/proc/self/root/proc/thread-self/root/proc/self/root/proc/sys/user HTTP/2.0" 200 2438 "-" "Mozilla/5.0 AppleWebKit/537.36 (KHTML, like Gecko; compatible; GPTBot/1.3; +https://openai.com/gptbot)" 1230 **1/1230675**
74.7.241.21 - - [07/Jan/2026:05:17:20 -0700] "GET /?path=//proc/self/root/proc/thread-self/root/proc/thread-self/root/proc/thread-self/root/proc/self/root/proc/self/root/proc/thread-self/root/proc/self/root/proc/thread-self/root/proc/self/root/proc/sys/crypto HTTP/2.0" 200 2801 "-" "Mozilla/5.0 AppleWebKit/537.36 (KHTML, like Gecko; compatible; GPTBot/1.3; +https://openai.com/gptbot)" 1064 **1/1064255**
192.178.6.99 - - [07/Jan/2026:05:17:20 -0700] "GET /?e=4766796bj7e6b HTTP/1.1" 200 15791 "-" "Mozilla/5.0 (Linux; Android 6.0.1; Nexus 5X Build/MMB29P) AppleWebKit/537.36 (KHTML, like Gecko) Chrome/143.0.7499.169 Mobile Safari/537.36 (compatible; Googlebot/2.1; +http://www.google.com/bot.html)" 942 **0/942289**
74.7.241.21 - - [07/Jan/2026:05:17:21 -0700] "GET /?path=//proc/self/root/proc/thread-self/root/proc/thread-self/root/proc/thread-self/root/proc/self/root/proc/self/root/proc/thread-self/root/proc/self/root/proc/thread-self/root/proc/self/root/proc/sys/fs HTTP/2.0" 200 3855 "-" "Mozilla/5.0 AppleWebKit/537.36 (KHTML, like Gecko; compatible; GPTBot/1.3; +https://openai.com/gptbot)" 2144 **2/2144644**
192.178.6.99 - - [07/Jan/2026:05:17:22 -0700] "GET /?v=colour-318744624 HTTP/1.1" 200 15891 "-" "Mozilla/5.0 (Linux; Android 6.0.1; Nexus 5X Build/MMB29P) AppleWebKit/537.36 (KHTML, like Gecko) Chrome/143.0.7499.169 Mobile Safari/537.36 (compatible; Googlebot/2.1; +http://www.google.com/bot.html)" 3047 **3/3047869**
74.7.241.21 - - [07/Jan/2026:05:17:23 -0700] "GET /?path=//proc/self/root/proc/thread-self/root/proc/thread-self/root/proc/thread-self/root/proc/self/root/proc/self/root/proc/thread-self/root/proc/self/root/proc/thread-self/root/proc/self/root/proc/sys/vm HTTP/2.0" 200 4288 "-" "Mozilla/5.0 AppleWebKit/537.36 (KHTML, like Gecko; compatible; GPTBot/1.3; +https://openai.com/gptbot)" 1267 **1/1267743**
192.178.6.99 - - [07/Jan/2026:05:17:25 -0700] "GET /?e=341054110jd8e HTTP/1.1" 200 15778 "-" "Mozilla/5.0 (Linux; Android 6.0.1; Nexus 5X Build/MMB29P) AppleWebKit/537.36 (KHTML, like Gecko) Chrome/143.0.7499.169 Mobile Safari/537.36 (compatible; Googlebot/2.1; +http://www.google.com/bot.html)" 932 **0/932451**
74.7.241.21 - - [07/Jan/2026:05:17:25 -0700] "GET /?path=//proc/self/root/proc/thread-self/root/proc/thread-self/root/proc/thread-self/root/proc/self/root/proc/self/root/proc/thread-self/root/proc/self/root/proc/thread-self/root/proc/self/root/proc/sys/debug HTTP/2.0" 200 2783 "-" "Mozilla/5.0 AppleWebKit/537.36 (KHTML, like Gecko; compatible; GPTBot/1.3; +https://openai.com/gptbot)" 1046 **1/1046613**
192.178.6.99 - - [07/Jan/2026:05:17:26 -0700] "GET /?v=colour-234211124 HTTP/1.1" 200 15102 "-" "Mozilla/5.0 (Linux; Android 6.0.1; Nexus 5X Build/MMB29P) AppleWebKit/537.36 (KHTML, like Gecko) Chrome/143.0.7499.169 Mobile Safari/537.36 (compatible; Googlebot/2.1; +http://www.google.com/bot.html)" 958 **0/958525**
74.7.241.21 - - [07/Jan/2026:05:17:26 -0700] "GET /?path=//proc/self/root/proc/thread-self/root/proc/thread-self/root/proc/thread-self/root/proc/self/root/proc/self/root/proc/thread-self/root/proc/self/root/proc/thread-self/root/proc/self/root/proc/self/fdinfo HTTP/2.0" 200 2856 "-" "Mozilla/5.0 AppleWebKit/537.36 (KHTML, like Gecko; compatible; GPTBot/1.3; +https://openai.com/gptbot)" 1063 **1/1063476**
192.178.6.99 - - [07/Jan/2026:05:17:26 -0700] "GET /?v=colour-156918624 HTTP/1.1" 200 15691 "-" "Mozilla/5.0 (Linux; Android 6.0.1; Nexus 5X Build/MMB29P) AppleWebKit/537.36 (KHTML, like Gecko) Chrome/143.0.7499.169 Mobile Safari/537.36 (compatible; Googlebot/2.1; +http://www.google.com/bot.html)" 1063 **1/1063727**
74.7.241.21 - - [07/Jan/2026:05:17:28 -0700] "GET /?path=//proc/self/root/proc/thread-self/root/proc/thread-self/root/proc/thread-self/root/proc/self/root/proc/self/root/proc/thread-self/root/proc/self/root/proc/thread-self/root/proc/thread-self/root/run/nscd HTTP/2.0" 200 2732 "-" "Mozilla/5.0 AppleWebKit/537.36 (KHTML, like Gecko; compatible; GPTBot/1.3; +https://openai.com/gptbot)" 1109 **1/1109431**
192.178.6.100 - - [07/Jan/2026:05:17:28 -0700] "GET /?e=346822088edg4 HTTP/1.1" 200 16112 "-" "Mozilla/5.0 (Linux; Android 6.0.1; Nexus 5X Build/MMB29P) AppleWebKit/537.36 (KHTML, like Gecko) Chrome/143.0.7499.169 Mobile Safari/537.36 (compatible; Googlebot/2.1; +http://www.google.com/bot.html)" 2593 **2/2593961**
74.7.241.21 - - [07/Jan/2026:05:17:29 -0700] "GET /?path=//proc/self/root/proc/thread-self/root/proc/thread-self/root/proc/thread-self/root/proc/self/root/proc/self/root/proc/thread-self/root/proc/self/root/proc/thread-self/root/proc/self/root/tmp/php_sessions HTTP/2.0" 200 14844 "-" "Mozilla/5.0 AppleWebKit/537.36 (KHTML, like Gecko; compatible; GPTBot/1.3; +https://openai.com/gptbot)" 2360 **2/2360133**
192.178.6.100 - - [07/Jan/2026:05:17:31 -0700] "GET /?v=colour-389702324 HTTP/1.1" 200 15733 "-" "Mozilla/5.0 (Linux; Android 6.0.1; Nexus 5X Build/MMB29P) AppleWebKit/537.36 (KHTML, like Gecko) Chrome/143.0.7499.169 Mobile Safari/537.36 (compatible; Googlebot/2.1; +http://www.google.com/bot.html)" 953 **0/953943**
192.178.6.100 - - [07/Jan/2026:05:17:30 -0700] "GET /?v=colour-4162155 HTTP/1.1" 200 14072 "-" "Mozilla/5.0 (Linux; Android 6.0.1; Nexus 5X Build/MMB29P) AppleWebKit/537.36 (KHTML, like Gecko) Chrome/143.0.7499.169 Mobile Safari/537.36 (compatible; Googlebot/2.1; +http://www.google.com/bot.html)" 2703 **2/2703058**
74.7.241.21 - - [07/Jan/2026:05:17:32 -0700] "GET /?path=//proc/self/root/proc/thread-self/root/proc/thread-self/root/proc/thread-self/root/proc/self/root/proc/self/root/proc/thread-self/root/proc/self/root/proc/thread-self/root/proc/self/root/proc/self/root/proc/acpi HTTP/2.0" 200 2740 "-" "Mozilla/5.0 AppleWebKit/537.36 (KHTML, like Gecko; compatible; GPTBot/1.3; +https://openai.com/gptbot)" 1083 **1/1083172**
192.178.6.100 - - [07/Jan/2026:05:17:32 -0700] "GET /?e=2861612a12ab1 HTTP/1.1" 200 15687 "-" "Mozilla/5.0 (Linux; Android 6.0.1; Nexus 5X Build/MMB29P) AppleWebKit/537.36 (KHTML, like Gecko) Chrome/143.0.7499.169 Mobile Safari/537.36 (compatible; Googlebot/2.1; +http://www.google.com/bot.html)" 1062 **1/1062565**
74.7.241.21 - - [07/Jan/2026:05:17:33 -0700] "GET /?path=//proc/self/root/proc/thread-self/root/proc/thread-self/root/proc/thread-self/root/proc/self/root/proc/self/root/proc/thread-self/root/proc/self/root/proc/thread-self/root/proc/self/root/proc/sys/kernel HTTP/2.0" 200 6057 "-" "Mozilla/5.0 AppleWebKit/537.36 (KHTML, like Gecko; compatible; GPTBot/1.3; +https://openai.com/gptbot)" 1134 **1/1134043**
192.178.6.99 - - [07/Jan/2026:05:17:34 -0700] "GET /?v=colour-8885457 HTTP/1.1" 200 14158 "-" "Mozilla/5.0 (Linux; Android 6.0.1; Nexus 5X Build/MMB29P) AppleWebKit/537.36 (KHTML, like Gecko) Chrome/143.0.7499.169 Mobile Safari/537.36 (compatible; Googlebot/2.1; +http://www.google.com/bot.html)" 961 **0/961913**
192.178.6.99 - - [07/Jan/2026:05:17:35 -0700] "GET /?e=3078456f1hhh HTTP/1.1" 200 15705 "-" "Mozilla/5.0 (Linux; Android 6.0.1; Nexus 5X Build/MMB29P) AppleWebKit/537.36 (KHTML, like Gecko) Chrome/143.0.7499.169 Mobile Safari/537.36 (compatible; Googlebot/2.1; +http://www.google.com/bot.html)" 976 **0/976800**
74.7.241.21 - - [07/Jan/2026:05:17:34 -0700] "GET /?path=//proc/self/root/proc/thread-self/root/proc/thread-self/root/proc/thread-self/root/proc/self/root/proc/self/root/proc/thread-self/root/proc/self/root/proc/thread-self/root/proc/self/root/var/cache/man/cs HTTP/2.0" 200 2791 "-" "Mozilla/5.0 AppleWebKit/537.36 (KHTML, like Gecko; compatible; GPTBot/1.3; +https://openai.com/gptbot)" 1216 **1/1216180**
192.178.6.99 - - [07/Jan/2026:05:17:35 -0700] "GET /?v=colour-125695424 HTTP/1.1" 200 15399 "-" "Mozilla/5.0 (Linux; Android 6.0.1; Nexus 5X Build/MMB29P) AppleWebKit/537.36 (KHTML, like Gecko) Chrome/143.0.7499.169 Mobile Safari/537.36 (compatible; Googlebot/2.1; +http://www.google.com/bot.html)" 981 **0/981082**
192.178.6.100 - - [07/Jan/2026:05:17:36 -0700] "GET /?e=2761803bj9361 HTTP/1.1" 200 15628 "-" "Mozilla/5.0 (Linux; Android 6.0.1; Nexus 5X Build/MMB29P) AppleWebKit/537.36 (KHTML, like Gecko) Chrome/143.0.7499.169 Mobile Safari/537.36 (compatible; Googlebot/2.1; +http://www.google.com/bot.html)" 903 **0/903790**
74.7.241.21 - - [07/Jan/2026:05:17:36 -0700] "GET /?path=//proc/self/root/proc/thread-self/root/proc/thread-self/root/proc/thread-self/root/proc/self/root/proc/self/root/proc/thread-self/root/proc/self/root/proc/thread-self/root/proc/self/root/usr/lib/kbd HTTP/2.0" 200 2810 "-" "Mozilla/5.0 AppleWebKit/537.36 (KHTML, like Gecko; compatible; GPTBot/1.3; +https://openai.com/gptbot)" 1055 **1/1055976**
192.178.6.100 - - [07/Jan/2026:05:17:37 -0700] "GET /?v=colour-240725724 HTTP/1.1" 200 15217 "-" "Mozilla/5.0 (Linux; Android 6.0.1; Nexus 5X Build/MMB29P) AppleWebKit/537.36 (KHTML, like Gecko) Chrome/143.0.7499.169 Mobile Safari/537.36 (compatible; Googlebot/2.1; +http://www.google.com/bot.html)" 941 **0/941053**
74.7.241.21 - - [07/Jan/2026:05:17:37 -0700] "GET /?path=//proc/self/root/proc/thread-self/root/proc/thread-self/root/proc/thread-self/root/proc/self/root/proc/self/root/proc/thread-self/root/proc/self/root/proc/thread-self/root/proc/self/root/opt/ai-bolit HTTP/2.0" 200 2856 "-" "Mozilla/5.0 AppleWebKit/537.36 (KHTML, like Gecko; compatible; GPTBot/1.3; +https://openai.com/gptbot)" 2282 **2/2282531**
192.178.6.99 - - [07/Jan/2026:05:17:38 -0700] "GET /?e=5435943i416g6 HTTP/1.1" 200 15827 "-" "Mozilla/5.0 (Linux; Android 6.0.1; Nexus 5X Build/MMB29P) AppleWebKit/537.36 (KHTML, like Gecko) Chrome/143.0.7499.169 Mobile Safari/537.36 (compatible; Googlebot/2.1; +http://www.google.com/bot.html)" 2119 **2/2119900**
74.7.241.21 - - [07/Jan/2026:05:17:40 -0700] "GET /?fileloc=//proc/self/root/proc/thread-self/root/proc/thread-self/root/proc/thread-self/root/proc/self/root/proc/self/root/proc/thread-self/root/proc/self/root/proc/thread-self/root/proc/self/root/proc/sys/fs/leases-enable&path=//proc/self/root/proc/thread-self/root/proc/thread-self/root/proc/thread-self/root/proc/self/root/proc/self/root/proc/thread-self/root/proc/self/root/proc/thread-self/root/proc/self/root/proc/sys/fs HTTP/2.0" 200 2428 "-" "Mozilla/5.0 AppleWebKit/537.36 (KHTML, like Gecko; compatible; GPTBot/1.3; +https://openai.com/gptbot)" 1093 **1/1093762**
192.178.6.101 - - [07/Jan/2026:05:17:40 -0700] "GET /?v=colour-346096324 HTTP/1.1" 200 15915 "-" "Mozilla/5.0 (Linux; Android 6.0.1; Nexus 5X Build/MMB29P) AppleWebKit/537.36 (KHTML, like Gecko) Chrome/143.0.7499.169 Mobile Safari/537.36 (compatible; Googlebot/2.1; +http://www.google.com/bot.html)" 956 **0/956901**
74.7.241.21 - - [07/Jan/2026:05:17:41 -0700] "GET /?fileloc=//proc/self/root/proc/thread-self/root/proc/thread-self/root/proc/thread-self/root/proc/self/root/proc/self/root/proc/thread-self/root/proc/self/root/proc/thread-self/root/proc/self/root/proc/sys/vm/watermark_boost_factor&path=//proc/self/root/proc/thread-self/root/proc/thread-self/root/proc/thread-self/root/proc/self/root/proc/self/root/proc/thread-self/root/proc/self/root/proc/thread-self/root/proc/self/root/proc/sys/vm HTTP/2.0" 200 2437 "-" "Mozilla/5.0 AppleWebKit/537.36 (KHTML, like Gecko; compatible; GPTBot/1.3; +https://openai.com/gptbot)" 2279 **2/2279376**
192.178.6.100 - - [07/Jan/2026:05:17:42 -0700] "GET /?e=3020109di66dg HTTP/1.1" 200 15250 "-" "Mozilla/5.0 (Linux; Android 6.0.1; Nexus 5X Build/MMB29P) AppleWebKit/537.36 (KHTML, like Gecko) Chrome/143.0.7499.169 Mobile Safari/537.36 (compatible; Googlebot/2.1; +http://www.google.com/bot.html)" 3086 **3/3086461**
74.7.241.21 - - [07/Jan/2026:05:17:44 -0700] "GET /?fileloc=//proc/self/root/proc/thread-self/root/proc/thread-self/root/proc/thread-self/root/proc/self/root/proc/self/root/proc/thread-self/root/proc/self/root/proc/thread-self/root/proc/self/root/proc/sys/fs/pipe-user-pages-hard&path=//proc/self/root/proc/thread-self/root/proc/thread-self/root/proc/thread-self/root/proc/self/root/proc/self/root/proc/thread-self/root/proc/self/root/proc/thread-self/root/proc/self/root/proc/sys/fs HTTP/2.0" 200 2435 "-" "Mozilla/5.0 AppleWebKit/537.36 (KHTML, like Gecko; compatible; GPTBot/1.3; +https://openai.com/gptbot)" 1109 **1/1109592**
192.178.6.100 - - [07/Jan/2026:05:17:45 -0700] "GET /?v=colour-303717624 HTTP/1.1" 200 16061 "-" "Mozilla/5.0 (Linux; Android 6.0.1; Nexus 5X Build/MMB29P) AppleWebKit/537.36 (KHTML, like Gecko) Chrome/143.0.7499.169 Mobile Safari/537.36 (compatible; Googlebot/2.1; +http://www.google.com/bot.html)" 981 **0/981899**
74.7.241.21 - - [07/Jan/2026:05:17:45 -0700] "GET /?fileloc=//proc/self/root/proc/thread-self/root/proc/thread-self/root/proc/thread-self/root/proc/self/root/proc/self/root/proc/thread-self/root/proc/self/root/proc/thread-self/root/proc/self/root/proc/sys/fs/pipe-user-pages-soft&path=//proc/self/root/proc/thread-self/root/proc/thread-self/root/proc/thread-self/root/proc/self/root/proc/self/root/proc/thread-self/root/proc/self/root/proc/thread-self/root/proc/self/root/proc/sys/fs HTTP/2.0" 200 2438 "-" "Mozilla/5.0 AppleWebKit/537.36 (KHTML, like Gecko; compatible; GPTBot/1.3; +https://openai.com/gptbot)" 1060 **1/1060180**
74.7.241.21 - - [07/Jan/2026:05:17:47 -0700] "GET /?path=//proc/self/root/proc/thread-self/root/proc/thread-self/root/proc/thread-self/root/proc/self/root/proc/self/root/proc/thread-self/root/proc/self/root/proc/thread-self/root/proc/self/root/proc/sys/fs/quota HTTP/2.0" 200 2976 "-" "Mozilla/5.0 AppleWebKit/537.36 (KHTML, like Gecko; compatible; GPTBot/1.3; +https://openai.com/gptbot)" 1070 **1/1070734**
192.178.6.101 - - [07/Jan/2026:05:17:48 -0700] "GET /?v=colour-320593824 HTTP/1.1" 200 15309 "-" "Mozilla/5.0 (Linux; Android 6.0.1; Nexus 5X Build/MMB29P) AppleWebKit/537.36 (KHTML, like Gecko) Chrome/143.0.7499.169 Mobile Safari/537.36 (compatible; Googlebot/2.1; +http://www.google.com/bot.html)" 928 **0/928374**
74.7.241.21 - - [07/Jan/2026:05:17:48 -0700] "GET /?fileloc=//proc/self/root/proc/thread-self/root/proc/thread-self/root/proc/thread-self/root/proc/self/root/proc/self/root/proc/thread-self/root/proc/self/root/proc/thread-self/root/proc/self/root/tmp/php_sessions/sess_674dc0335f5edec9b5740d7b7f3453fe&path=//proc/self/root/proc/thread-self/root/proc/thread-self/root/proc/thread-self/root/proc/self/root/proc/self/root/proc/thread-self/root/proc/self/root/proc/thread-self/root/proc/self/root/tmp/php_sessions HTTP/2.0" 200 2468 "-" "Mozilla/5.0 AppleWebKit/537.36 (KHTML, like Gecko; compatible; GPTBot/1.3; +https://openai.com/gptbot)" 1069 **1/1069945**
192.178.6.101 - - [07/Jan/2026:05:17:48 -0700] "GET /?e=3887587cgg9h3 HTTP/1.1" 200 15774 "-" "Mozilla/5.0 (Linux; Android 6.0.1; Nexus 5X Build/MMB29P) AppleWebKit/537.36 (KHTML, like Gecko) Chrome/143.0.7499.169 Mobile Safari/537.36 (compatible; Googlebot/2.1; +http://www.google.com/bot.html)" 972 **0/972908**
